CRAN Package Check Results for Package ggraph

Last updated on 2021-09-25 09:53:52 CEST.

Flavor Version Tinstall Tcheck Ttotal Status Flags
r-devel-linux-x86_64-debian-clang 2.0.5 84.96 209.78 294.74 OK
r-devel-linux-x86_64-debian-gcc 2.0.5 59.04 153.37 212.41 OK
r-devel-linux-x86_64-fedora-clang 2.0.5 383.85 NOTE
r-devel-linux-x86_64-fedora-gcc 2.0.5 349.52 OK
r-devel-windows-x86_64 2.0.5 82.00 245.00 327.00 NOTE
r-devel-windows-x86_64-gcc10-UCRT 2.0.5 OK
r-patched-linux-x86_64 2.0.5 72.32 203.45 275.77 OK
r-patched-solaris-x86 2.0.5 317.60 NOTE
r-release-linux-x86_64 2.0.5 61.83 203.23 265.06 OK
r-release-macos-arm64 2.0.5 NOTE
r-release-macos-x86_64 2.0.5 NOTE
r-release-windows-ix86+x86_64 2.0.5 191.00 284.00 475.00 NOTE
r-oldrel-macos-x86_64 2.0.5 NOTE
r-oldrel-windows-ix86+x86_64 2.0.5 145.00 291.00 436.00 NOTE

Check Details

Version: 2.0.5
Check: installed package size
Result: NOTE
     installed size is 7.4Mb
     sub-directories of 1Mb or more:
     doc 3.6Mb
     libs 2.4Mb
Flavors: r-devel-linux-x86_64-fedora-clang, r-devel-windows-x86_64, r-patched-solaris-x86, r-release-macos-arm64, r-release-macos-x86_64, r-release-windows-ix86+x86_64, r-oldrel-macos-x86_64, r-oldrel-windows-ix86+x86_64