CRAN Package Check Results for Package ggpointdensity

Last updated on 2021-08-04 09:54:51 CEST.

Flavor Version Tinstall Tcheck Ttotal Status Flags
r-devel-linux-x86_64-debian-clang 0.1.0 4.23 49.71 53.94 NOTE
r-devel-linux-x86_64-debian-gcc 0.1.0 3.23 38.04 41.27 NOTE
r-devel-linux-x86_64-fedora-clang 0.1.0 74.95 NOTE
r-devel-linux-x86_64-fedora-gcc 0.1.0 63.18 NOTE
r-devel-windows-x86_64 0.1.0 7.00 72.00 79.00 NOTE
r-devel-windows-x86_64-gcc10-UCRT 0.1.0 NOTE
r-patched-linux-x86_64 0.1.0 8.08 49.13 57.21 NOTE
r-patched-solaris-x86 0.1.0 89.40 NOTE
r-release-linux-x86_64 0.1.0 3.96 48.01 51.97 NOTE
r-release-macos-arm64 0.1.0 NOTE
r-release-macos-x86_64 0.1.0 NOTE
r-release-windows-ix86+x86_64 0.1.0 15.00 73.00 88.00 NOTE
r-oldrel-macos-x86_64 0.1.0 OK
r-oldrel-windows-ix86+x86_64 0.1.0 12.00 95.00 107.00 OK

Check Details

Version: 0.1.0
Check: LazyData
Result: NOTE
     'LazyData' is specified without a 'data' directory
Flavors: r-devel-linux-x86_64-debian-clang, r-devel-linux-x86_64-debian-gcc, r-devel-linux-x86_64-fedora-clang, r-devel-linux-x86_64-fedora-gcc, r-devel-windows-x86_64, r-devel-windows-x86_64-gcc10-UCRT, r-patched-linux-x86_64, r-patched-solaris-x86, r-release-linux-x86_64, r-release-macos-arm64, r-release-macos-x86_64, r-release-windows-ix86+x86_64