CRAN Package Check Results for Package ggmcmc

Last updated on 2021-09-19 09:50:16 CEST.

Flavor Version Tinstall Tcheck Ttotal Status Flags
r-devel-linux-x86_64-debian-clang 1.5.1.1 9.14 184.51 193.65 OK
r-devel-linux-x86_64-debian-gcc 1.5.1.1 7.60 122.37 129.97 OK
r-devel-linux-x86_64-fedora-clang 1.5.1.1 206.19 OK
r-devel-linux-x86_64-fedora-gcc 1.5.1.1 196.31 OK
r-devel-windows-x86_64 1.5.1.1 9.00 196.00 205.00 OK
r-devel-windows-x86_64-gcc10-UCRT 1.5.1.1 ERROR
r-patched-linux-x86_64 1.5.1.1 10.20 158.05 168.25 OK
r-patched-solaris-x86 1.5.1.1 261.50 OK
r-release-linux-x86_64 1.5.1.1 8.49 158.37 166.86 OK
r-release-macos-arm64 1.5.1.1 OK
r-release-macos-x86_64 1.5.1.1 OK
r-release-windows-ix86+x86_64 1.5.1.1 19.00 147.00 166.00 OK
r-oldrel-macos-x86_64 1.5.1.1 OK
r-oldrel-windows-ix86+x86_64 1.5.1.1 19.00 169.00 188.00 OK

Check Details

Version: 1.5.1.1
Check: whether package can be installed
Result: WARN
    Found the following significant warnings:
     WARNING: installation-time patches will not be applied, could not get the patches index
Flavor: r-devel-windows-x86_64-gcc10-UCRT

Version: 1.5.1.1
Check: PDF version of manual
Result: WARN
    LaTeX errors when creating PDF version.
    This typically indicates Rd problems.
Flavor: r-devel-windows-x86_64-gcc10-UCRT

Version: 1.5.1.1
Check: PDF version of manual without hyperrefs or index
Result: ERROR
    Re-running with no redirection of stdout/stderr.
Flavor: r-devel-windows-x86_64-gcc10-UCRT