CRAN Package Check Results for Package ggghost

Last updated on 2021-08-04 09:54:51 CEST.

Flavor Version Tinstall Tcheck Ttotal Status Flags
r-devel-linux-x86_64-debian-clang 0.2.1 3.98 59.01 62.99 NOTE
r-devel-linux-x86_64-debian-gcc 0.2.1 2.95 41.96 44.91 NOTE
r-devel-linux-x86_64-fedora-clang 0.2.1 84.18 NOTE
r-devel-linux-x86_64-fedora-gcc 0.2.1 68.92 NOTE
r-devel-windows-x86_64 0.2.1 5.00 75.00 80.00 NOTE
r-devel-windows-x86_64-gcc10-UCRT 0.2.1 NOTE
r-patched-linux-x86_64 0.2.1 6.86 52.89 59.75 NOTE
r-patched-solaris-x86 0.2.1 103.30 NOTE
r-release-linux-x86_64 0.2.1 4.05 52.52 56.57 NOTE
r-release-macos-arm64 0.2.1 ERROR
r-release-macos-x86_64 0.2.1 NOTE
r-release-windows-ix86+x86_64 0.2.1 12.00 58.00 70.00 NOTE
r-oldrel-macos-x86_64 0.2.1 OK
r-oldrel-windows-ix86+x86_64 0.2.1 11.00 75.00 86.00 OK

Check Details

Version: 0.2.1
Check: LazyData
Result: NOTE
     'LazyData' is specified without a 'data' directory
Flavors: r-devel-linux-x86_64-debian-clang, r-devel-linux-x86_64-debian-gcc, r-devel-linux-x86_64-fedora-clang, r-devel-linux-x86_64-fedora-gcc, r-devel-windows-x86_64, r-devel-windows-x86_64-gcc10-UCRT, r-patched-linux-x86_64, r-patched-solaris-x86, r-release-linux-x86_64, r-release-macos-arm64, r-release-macos-x86_64, r-release-windows-ix86+x86_64

Version: 0.2.1
Check: tests
Result: ERROR
     Running ‘testthat.R’ [1s/1s]
    Running the tests in ‘tests/testthat.R’ failed.
    Last 13 lines of output:
     27. │ └─grid::pushViewport(vp, recording = FALSE)
     28. │ └─base::lapply(vps, push.vp, recording)
     29. │ ├─grid:::FUN(X[[i]], ...)
     30. │ └─grid:::push.vp.vpTree(X[[i]], ...)
     31. │ ├─grid:::push.vp(vp$parent, recording)
     32. │ └─grid:::push.vp.viewport(vp$parent, recording)
     33. │ └─grid:::grid.Call.graphics(C_setviewport, vp, TRUE)
     34. └─(function (x) ...
     35. ├─grid::widthDetails(x)
     36. └─grid:::widthDetails.text(x)
     37. └─grid:::grid.Call(...)
    
     [ FAIL 2 | WARN 32 | SKIP 0 | PASS 37 ]
     Error: Test failures
     Execution halted
Flavor: r-release-macos-arm64