CRAN Package Check Results for Package ggfocus

Last updated on 2021-07-24 09:53:58 CEST.

Flavor Version Tinstall Tcheck Ttotal Status Flags
r-devel-linux-x86_64-debian-clang 1.0.0 4.84 63.35 68.19 NOTE
r-devel-linux-x86_64-debian-gcc 1.0.0 4.32 47.61 51.93 NOTE
r-devel-linux-x86_64-fedora-clang 1.0.0 90.55 NOTE
r-devel-linux-x86_64-fedora-gcc 1.0.0 76.74 NOTE
r-devel-windows-x86_64 1.0.0 8.00 59.00 67.00 NOTE
r-devel-windows-x86_64-gcc10-UCRT 1.0.0 NOTE
r-patched-linux-x86_64 1.0.0 4.77 58.88 63.65 NOTE
r-patched-solaris-x86 1.0.0 115.20 NOTE
r-release-linux-x86_64 1.0.0 4.21 59.43 63.64 NOTE
r-release-macos-arm64 1.0.0 NOTE
r-release-macos-x86_64 1.0.0 NOTE
r-release-windows-ix86+x86_64 1.0.0 13.00 57.00 70.00 NOTE
r-oldrel-macos-x86_64 1.0.0 OK
r-oldrel-windows-ix86+x86_64 1.0.0 14.00 78.00 92.00 OK

Check Details

Version: 1.0.0
Check: LazyData
Result: NOTE
     'LazyData' is specified without a 'data' directory
Flavors: r-devel-linux-x86_64-debian-clang, r-devel-linux-x86_64-debian-gcc, r-devel-linux-x86_64-fedora-clang, r-devel-linux-x86_64-fedora-gcc, r-devel-windows-x86_64, r-devel-windows-x86_64-gcc10-UCRT, r-patched-linux-x86_64, r-patched-solaris-x86, r-release-linux-x86_64, r-release-macos-arm64, r-release-macos-x86_64, r-release-windows-ix86+x86_64