CRAN Package Check Results for Package ggeasy

Last updated on 2021-07-27 09:53:20 CEST.

Flavor Version Tinstall Tcheck Ttotal Status Flags
r-devel-linux-x86_64-debian-clang 0.1.3 4.36 70.06 74.42 NOTE
r-devel-linux-x86_64-debian-gcc 0.1.3 3.58 51.88 55.46 NOTE
r-devel-linux-x86_64-fedora-clang 0.1.3 94.80 NOTE
r-devel-linux-x86_64-fedora-gcc 0.1.3 84.20 NOTE
r-devel-windows-x86_64 0.1.3 9.00 90.00 99.00 NOTE
r-devel-windows-x86_64-gcc10-UCRT 0.1.3 NOTE
r-patched-linux-x86_64 0.1.3 5.07 65.92 70.99 NOTE
r-patched-solaris-x86 0.1.3 118.60 NOTE
r-release-linux-x86_64 0.1.3 3.91 64.48 68.39 NOTE
r-release-macos-arm64 0.1.3 WARN
r-release-macos-x86_64 0.1.3 NOTE
r-release-windows-ix86+x86_64 0.1.3 13.00 65.00 78.00 NOTE
r-oldrel-macos-x86_64 0.1.3 OK
r-oldrel-windows-ix86+x86_64 0.1.3 11.00 92.00 103.00 OK

Check Details

Version: 0.1.3
Check: LazyData
Result: NOTE
     'LazyData' is specified without a 'data' directory
Flavors: r-devel-linux-x86_64-debian-clang, r-devel-linux-x86_64-debian-gcc, r-devel-linux-x86_64-fedora-clang, r-devel-linux-x86_64-fedora-gcc, r-devel-windows-x86_64, r-devel-windows-x86_64-gcc10-UCRT, r-patched-linux-x86_64, r-patched-solaris-x86, r-release-linux-x86_64, r-release-macos-arm64, r-release-macos-x86_64, r-release-windows-ix86+x86_64

Version: 0.1.3
Check: re-building of vignette outputs
Result: WARN
    Error(s) in re-building vignettes:
     ...
    --- re-building ‘shortcuts.Rmd’ using rmarkdown
    Warning in engine$weave(file, quiet = quiet, encoding = enc) :
     Pandoc (>= 1.12.3) not available. Falling back to R Markdown v1.
    Quitting from lines 32-33 (shortcuts.Rmd)
    Error: processing vignette 'shortcuts.Rmd' failed with diagnostics:
    polygon edge not found
    --- failed re-building ‘shortcuts.Rmd’
    
    --- re-building ‘tests_and_coverage.Rmd’ using rmarkdown
    Warning in engine$weave(file, quiet = quiet, encoding = enc) :
     Pandoc (>= 1.12.3) not available. Falling back to R Markdown v1.
    --- finished re-building ‘tests_and_coverage.Rmd’
    
    SUMMARY: processing the following file failed:
     ‘shortcuts.Rmd’
    
    Error: Vignette re-building failed.
    Execution halted
Flavor: r-release-macos-arm64