Last updated on 2024-04-19 10:57:25 CEST.
Flavor | Version | Tinstall | Tcheck | Ttotal | Status | Flags |
---|---|---|---|---|---|---|
r-devel-linux-x86_64-debian-clang | 2.0.6 | 51.70 | 719.57 | 771.27 | NOTE | |
r-devel-linux-x86_64-debian-gcc | 2.0.6 | NOTE | ||||
r-devel-linux-x86_64-fedora-clang | 2.0.6 | 934.87 | NOTE | |||
r-devel-linux-x86_64-fedora-gcc | 2.0.6 | 1283.34 | NOTE | |||
r-prerel-macos-arm64 | 2.0.6 | 253.00 | NOTE | |||
r-prerel-macos-x86_64 | 2.0.6 | 751.00 | NOTE | |||
r-prerel-windows-x86_64 | 2.0.6 | 38.00 | 446.00 | 484.00 | NOTE | |
r-patched-linux-x86_64 | 2.0.6 | 49.31 | 706.48 | 755.79 | NOTE | |
r-release-linux-x86_64 | 2.0.6 | 41.85 | 721.85 | 763.70 | NOTE | |
r-release-macos-arm64 | 2.0.6 | 256.00 | NOTE | |||
r-release-macos-x86_64 | 2.0.6 | 649.00 | NOTE | |||
r-release-windows-x86_64 | 2.0.6 | 52.00 | 569.00 | 621.00 | NOTE | |
r-oldrel-macos-arm64 | 2.0.6 | 246.00 | NOTE | |||
r-oldrel-windows-x86_64 | 2.0.6 | 52.00 | 587.00 | 639.00 | NOTE |
Version: 2.0.6
Check: package dependencies
Result: NOTE
Packages suggested but not available for checking:
'RandomFields', 'mapmisc'
Package which this enhances but not available for checking: ‘INLA’
Flavors: r-devel-linux-x86_64-debian-clang, r-release-linux-x86_64
Version: 2.0.6
Check: package dependencies
Result: NOTE
Package suggested but not available for checking: ‘RandomFields’
Package which this enhances but not available for checking: ‘INLA’
Flavors: r-devel-linux-x86_64-debian-gcc, r-prerel-macos-arm64, r-prerel-macos-x86_64, r-patched-linux-x86_64, r-release-macos-arm64, r-release-macos-x86_64, r-release-windows-x86_64, r-oldrel-windows-x86_64
Version: 2.0.6
Check: package dependencies
Result: NOTE
Package suggested but not available for checking: ‘RandomFields’
Flavors: r-devel-linux-x86_64-fedora-clang, r-devel-linux-x86_64-fedora-gcc, r-prerel-windows-x86_64
Version: 2.0.6
Check: data for non-ASCII characters
Result: NOTE
Note: found 4 marked UTF-8 strings
Flavors: r-devel-linux-x86_64-fedora-clang, r-devel-linux-x86_64-fedora-gcc
Version: 2.0.6
Check: package dependencies
Result: NOTE
Package which this enhances but not available for checking: ‘INLA’
Flavor: r-oldrel-macos-arm64