CRAN Package Check Results for Package geosphere

Last updated on 2021-09-27 09:49:41 CEST.

Flavor Version Tinstall Tcheck Ttotal Status Flags
r-devel-linux-x86_64-debian-clang 1.5-10 8.27 62.97 71.24 OK
r-devel-linux-x86_64-debian-gcc 1.5-10 7.33 47.55 54.88 OK
r-devel-linux-x86_64-fedora-clang 1.5-10 92.92 NOTE
r-devel-linux-x86_64-fedora-gcc 1.5-10 81.13 OK
r-devel-windows-x86_64 1.5-10 12.00 66.00 78.00 OK
r-devel-windows-x86_64-gcc10-UCRT 1.5-10 OK
r-patched-linux-x86_64 1.5-10 9.62 60.16 69.78 OK
r-patched-solaris-x86 1.5-10 113.70 OK
r-release-linux-x86_64 1.5-10 9.07 59.39 68.46 OK
r-release-macos-arm64 1.5-10 OK
r-release-macos-x86_64 1.5-10 ERROR
r-release-windows-ix86+x86_64 1.5-10 21.00 76.00 97.00 OK
r-oldrel-macos-x86_64 1.5-10 OK
r-oldrel-windows-ix86+x86_64 1.5-10 17.00 80.00 97.00 OK

Check Details

Version: 1.5-10
Check: Rd cross-references
Result: NOTE
    Undeclared package ‘rgeos’ in Rd xrefs
Flavor: r-devel-linux-x86_64-fedora-clang

Version: 1.5-10
Check: package dependencies
Result: NOTE
    Package suggested but not available for checking: ‘raster’
Flavor: r-release-macos-x86_64

Version: 1.5-10
Check: examples
Result: ERROR
    Running examples in ‘geosphere-Ex.R’ failed
    The error most likely occurred in:
    
    > ### Name: span
    > ### Title: Span of polygons
    > ### Aliases: span span,SpatialPolygons-method span,matrix-method
    > ### Keywords: methods spatial
    >
    > ### ** Examples
    >
    > pol <- rbind(c(-180,-20), c(-160,5), c(-60, 0), c(-160,-60), c(-180,-20))
    > plot(pol)
    > lines(pol)
    > # lon and lat span in m
    > span(pol, fun=max)
    Loading required namespace: raster
    Failed with error: ‘there is no package called ‘raster’’
    Error in .local(x, ...) :
     you need to install the "raster" package to use this function
    Calls: span -> span -> .local -> span -> span -> .local
    Execution halted
Flavor: r-release-macos-x86_64

Version: 1.5-10
Check: running R code from vignettes
Result: WARN
    Errors in running code in vignettes:
    when running code in ‘geosphere.Rnw’
     ...
     lon lat
    [1,] -57.54653 -28.96994
    
    > span(pol, fun = max)
    Loading required namespace: raster
    Failed with error: ‘there is no package called ‘raster’’
    
     When sourcing ‘geosphere.R’:
    Error: you need to install the "raster" package to use this function
    Execution halted
    
     ‘geosphere.Rnw’ using ‘UTF-8’... failed
Flavor: r-release-macos-x86_64

Version: 1.5-10
Check: re-building of vignette outputs
Result: NOTE
    Error(s) in re-building vignettes:
     ...
    --- re-building ‘geosphere.Rnw’ using Sweave
    Loading required namespace: raster
    Failed with error: ‘there is no package called ‘raster’’
    
    Error: processing vignette 'geosphere.Rnw' failed with diagnostics:
     chunk 13
    Error in .local(x, ...) :
     you need to install the "raster" package to use this function
    
    --- failed re-building ‘geosphere.Rnw’
    
    SUMMARY: processing the following file failed:
     ‘geosphere.Rnw’
    
    Error: Vignette re-building failed.
    Execution halted
Flavor: r-release-macos-x86_64