Last updated on 2024-04-23 10:54:03 CEST.
Flavor | Version | Tinstall | Tcheck | Ttotal | Status | Flags |
---|---|---|---|---|---|---|
r-devel-linux-x86_64-debian-clang | 0.4.7 | 39.17 | 63.71 | 102.88 | NOTE | |
r-devel-linux-x86_64-debian-gcc | 0.4.7 | 35.64 | 49.35 | 84.99 | NOTE | |
r-devel-linux-x86_64-fedora-clang | 0.4.7 | 143.86 | NOTE | |||
r-devel-linux-x86_64-fedora-gcc | 0.4.7 | 163.02 | NOTE | |||
r-prerel-macos-arm64 | 0.4.7 | 44.00 | OK | |||
r-prerel-windows-x86_64 | 0.4.7 | 46.00 | 104.00 | 150.00 | NOTE | |
r-patched-linux-x86_64 | 0.4.7 | 42.15 | 62.52 | 104.67 | NOTE | |
r-release-linux-x86_64 | 0.4.7 | 41.27 | 63.00 | 104.27 | OK | |
r-release-macos-arm64 | 0.4.7 | 49.00 | OK | |||
r-release-macos-x86_64 | 0.4.7 | 79.00 | OK | |||
r-release-windows-x86_64 | 0.4.7 | 46.00 | 115.00 | 161.00 | OK | |
r-oldrel-macos-arm64 | 0.4.7 | 50.00 | OK | |||
r-oldrel-windows-x86_64 | 0.4.7 | 50.00 | 108.00 | 158.00 | OK |
Version: 0.4.7
Check: HTML version of manual
Result: NOTE
Found the following HTML validation problems:
extprod3d.html:24:32 (extprod3d.Rd:24): Warning: trimming empty <code>
extprod3d.html:29:32 (extprod3d.Rd:27): Warning: trimming empty <code>
Flavors: r-devel-linux-x86_64-debian-clang, r-devel-linux-x86_64-debian-gcc, r-devel-linux-x86_64-fedora-clang, r-devel-linux-x86_64-fedora-gcc, r-prerel-windows-x86_64, r-patched-linux-x86_64