CRAN Package Check Results for Package geobr

Last updated on 2021-09-17 09:53:24 CEST.

Flavor Version Tinstall Tcheck Ttotal Status Flags
r-devel-linux-x86_64-debian-clang 1.6.4 6.19 76.64 82.83 OK
r-devel-linux-x86_64-debian-gcc 1.6.4 4.56 57.78 62.34 OK
r-devel-linux-x86_64-fedora-clang 1.6.4 105.01 NOTE
r-devel-linux-x86_64-fedora-gcc 1.6.4 95.26 NOTE
r-devel-windows-x86_64 1.6.4 10.00 124.00 134.00 OK
r-devel-windows-x86_64-gcc10-UCRT 1.6.4 NOTE
r-patched-linux-x86_64 1.6.4 6.29 71.49 77.78 OK
r-patched-solaris-x86 1.6.4 149.40 NOTE
r-release-linux-x86_64 1.6.4 3.69 72.06 75.75 OK
r-release-macos-arm64 1.6.4 NOTE
r-release-macos-x86_64 1.6.4 NOTE
r-release-windows-ix86+x86_64 1.6.4 16.00 83.00 99.00 OK
r-oldrel-macos-x86_64 1.6.4 NOTE
r-oldrel-windows-ix86+x86_64 1.6.4 11.00 109.00 120.00 OK

Check Details

Version: 1.6.4
Check: data for non-ASCII characters
Result: NOTE
     Note: found 58 marked UTF-8 strings
Flavors: r-devel-linux-x86_64-fedora-clang, r-devel-linux-x86_64-fedora-gcc, r-devel-windows-x86_64-gcc10-UCRT, r-patched-solaris-x86, r-release-macos-arm64, r-release-macos-x86_64, r-oldrel-macos-x86_64