CRAN Package Check Results for Package geoGAM

Last updated on 2021-09-19 09:50:15 CEST.

Flavor Version Tinstall Tcheck Ttotal Status Flags
r-devel-linux-x86_64-debian-clang 0.1-2 10.69 80.87 91.56 OK
r-devel-linux-x86_64-debian-gcc 0.1-2 9.83 62.98 72.81 OK
r-devel-linux-x86_64-fedora-clang 0.1-2 120.65 OK
r-devel-linux-x86_64-fedora-gcc 0.1-2 109.52 OK
r-devel-windows-x86_64 0.1-2 14.00 101.00 115.00 OK
r-devel-windows-x86_64-gcc10-UCRT 0.1-2 ERROR
r-patched-linux-x86_64 0.1-2 13.75 80.23 93.98 OK
r-patched-solaris-x86 0.1-2 156.10 OK
r-release-linux-x86_64 0.1-2 12.00 77.90 89.90 OK
r-release-macos-arm64 0.1-2 OK
r-release-macos-x86_64 0.1-2 OK
r-release-windows-ix86+x86_64 0.1-2 24.00 77.00 101.00 OK
r-oldrel-macos-x86_64 0.1-2 OK
r-oldrel-windows-ix86+x86_64 0.1-2 24.00 71.00 95.00 OK

Check Details

Version: 0.1-2
Check: whether package can be installed
Result: WARN
    Found the following significant warnings:
     WARNING: installation-time patches will not be applied, could not get the patches index
Flavor: r-devel-windows-x86_64-gcc10-UCRT

Version: 0.1-2
Check: PDF version of manual
Result: WARN
    LaTeX errors when creating PDF version.
    This typically indicates Rd problems.
Flavor: r-devel-windows-x86_64-gcc10-UCRT

Version: 0.1-2
Check: PDF version of manual without hyperrefs or index
Result: ERROR
    Re-running with no redirection of stdout/stderr.
Flavor: r-devel-windows-x86_64-gcc10-UCRT