CRAN Package Check Results for Package genotypeR

Last updated on 2021-09-17 09:53:24 CEST.

Flavor Version Tinstall Tcheck Ttotal Status Flags
r-devel-linux-x86_64-debian-clang 0.0.1.8 11.84 112.22 124.06 NOTE
r-devel-linux-x86_64-debian-gcc 0.0.1.8 8.66 83.41 92.07 NOTE
r-devel-linux-x86_64-fedora-clang 0.0.1.8 153.84 NOTE
r-devel-linux-x86_64-fedora-gcc 0.0.1.8 141.28 NOTE
r-devel-windows-x86_64 0.0.1.8 14.00 141.00 155.00 NOTE
r-devel-windows-x86_64-gcc10-UCRT 0.0.1.8 NOTE
r-patched-linux-x86_64 0.0.1.8 11.44 105.01 116.45 NOTE
r-patched-solaris-x86 0.0.1.8 205.80 NOTE
r-release-linux-x86_64 0.0.1.8 11.22 107.12 118.34 NOTE
r-release-macos-arm64 0.0.1.8 NOTE
r-release-macos-x86_64 0.0.1.8 NOTE
r-release-windows-ix86+x86_64 0.0.1.8 27.00 100.00 127.00 NOTE
r-oldrel-macos-x86_64 0.0.1.8 NOTE
r-oldrel-windows-ix86+x86_64 0.0.1.8 41.00 127.00 168.00 NOTE

Check Details

Version: 0.0.1.8
Check: package vignettes
Result: NOTE
    Package vignette with placeholder title 'Vignette Title':
     'genotypeR.Rmd'
Flavors: r-devel-linux-x86_64-debian-clang, r-devel-linux-x86_64-debian-gcc, r-devel-windows-x86_64, r-patched-linux-x86_64, r-release-linux-x86_64, r-release-windows-ix86+x86_64, r-oldrel-windows-ix86+x86_64

Version: 0.0.1.8
Check: for non-standard things in the check directory
Result: NOTE
    Found the following files/directories:
     'test.csv' 'test_temp_cross.csv'
Flavors: r-devel-linux-x86_64-debian-clang, r-devel-linux-x86_64-debian-gcc, r-devel-linux-x86_64-fedora-clang, r-devel-linux-x86_64-fedora-gcc, r-patched-linux-x86_64, r-patched-solaris-x86, r-release-linux-x86_64

Version: 0.0.1.8
Check: dependencies in R code
Result: NOTE
    Namespace in Imports field not imported from: ‘colorspace’
     All declared Imports should be used.
Flavors: r-devel-linux-x86_64-fedora-clang, r-devel-linux-x86_64-fedora-gcc, r-devel-windows-x86_64-gcc10-UCRT, r-patched-solaris-x86, r-release-macos-arm64, r-release-macos-x86_64, r-oldrel-macos-x86_64