CRAN Package Check Results for Package gelnet

Last updated on 2021-12-01 09:54:29 CET.

Flavor Version Tinstall Tcheck Ttotal Status Flags
r-devel-linux-x86_64-debian-clang 1.2.1 3.79 24.70 28.49 OK
r-devel-linux-x86_64-debian-gcc 1.2.1 2.65 20.88 23.53 OK
r-devel-linux-x86_64-fedora-clang 1.2.1 45.62 NOTE
r-devel-linux-x86_64-fedora-gcc 1.2.1 34.35 NOTE
r-devel-windows-x86_64-new-UL 1.2.1 10.00 64.00 74.00 OK
r-devel-windows-x86_64-new-TK 1.2.1 OK
r-devel-windows-x86_64-old 1.2.1 6.00 33.00 39.00 OK
r-patched-linux-x86_64 1.2.1 3.10 23.02 26.12 OK
r-patched-solaris-x86 1.2.1 48.80 OK
r-release-linux-x86_64 1.2.1 2.78 23.22 26.00 OK
r-release-macos-arm64 1.2.1 OK
r-release-macos-x86_64 1.2.1 OK
r-release-windows-ix86+x86_64 1.2.1 8.00 32.00 40.00 OK
r-oldrel-macos-x86_64 1.2.1 OK
r-oldrel-windows-ix86+x86_64 1.2.1 7.00 48.00 55.00 OK

Check Details

Version: 1.2.1
Check: compiled code
Result: NOTE
    File ‘gelnet/libs/gelnet.so’:
     Found no calls to: ‘R_registerRoutines’, ‘R_useDynamicSymbols’
    
    It is good practice to register native routines and to disable symbol
    search.
    
    See ‘Writing portable packages’ in the ‘Writing R Extensions’ manual.
Flavors: r-devel-linux-x86_64-fedora-clang, r-devel-linux-x86_64-fedora-gcc