Last updated on 2024-04-23 10:54:03 CEST.
Flavor | Version | Tinstall | Tcheck | Ttotal | Status | Flags |
---|---|---|---|---|---|---|
r-devel-linux-x86_64-debian-clang | 4.13-26 | 11.15 | 24.06 | 35.21 | OK | |
r-devel-linux-x86_64-debian-gcc | 4.13-26 | 3.99 | 19.14 | 23.13 | OK | |
r-devel-linux-x86_64-fedora-clang | 4.13-26 | 45.82 | OK | |||
r-devel-linux-x86_64-fedora-gcc | 4.13-26 | 36.82 | OK | |||
r-prerel-macos-arm64 | 4.13-26 | 19.00 | OK | |||
r-prerel-windows-x86_64 | 4.13-26 | 7.00 | 43.00 | 50.00 | WARN | |
r-patched-linux-x86_64 | 4.13-26 | 4.31 | 24.60 | 28.91 | OK | |
r-release-linux-x86_64 | 4.13-26 | 4.51 | 23.94 | 28.45 | OK | |
r-release-macos-arm64 | 4.13-26 | 35.00 | OK | |||
r-release-macos-x86_64 | 4.13-26 | 64.00 | OK | |||
r-release-windows-x86_64 | 4.13-26 | 6.00 | 43.00 | 49.00 | OK | |
r-oldrel-macos-arm64 | 4.13-26 | 38.00 | OK | |||
r-oldrel-windows-x86_64 | 4.13-26 | 8.00 | 48.00 | 56.00 | OK |
Version: 4.13-26
Check: whether package can be installed
Result: WARN
Found the following significant warnings:
ugee.c:813:54: warning: format '%lu' expects argument of type 'long unsigned int', but argument 2 has type 'long long unsigned int' [-Wformat=]
See 'd:/Rcompile/CRANpkg/local/4.4/gee.Rcheck/00install.out' for details.
* used C compiler: 'gcc.exe (GCC) 13.2.0'
* used Fortran compiler: 'GNU Fortran (GCC) 13.2.0'
Flavor: r-prerel-windows-x86_64