Last updated on 2024-04-18 10:49:49 CEST.
Flavor | Version | Tinstall | Tcheck | Ttotal | Status | Flags |
---|---|---|---|---|---|---|
r-devel-linux-x86_64-debian-clang | 3.0.0 | 5.32 | 56.25 | 61.57 | NOTE | |
r-devel-linux-x86_64-debian-gcc | 3.0.0 | 3.17 | 42.14 | 45.31 | NOTE | |
r-devel-linux-x86_64-fedora-clang | 3.0.0 | 76.41 | NOTE | |||
r-devel-linux-x86_64-fedora-gcc | 3.0.0 | 87.68 | NOTE | |||
r-prerel-macos-arm64 | 3.0.0 | 33.00 | NOTE | |||
r-prerel-windows-x86_64 | 3.0.0 | 5.00 | 88.00 | 93.00 | NOTE | |
r-patched-linux-x86_64 | 3.0.0 | 4.44 | 52.75 | 57.19 | NOTE | |
r-release-linux-x86_64 | 3.0.0 | 3.97 | 54.23 | 58.20 | OK | |
r-release-macos-arm64 | 3.0.0 | 38.00 | OK | |||
r-release-macos-x86_64 | 3.0.0 | 68.00 | OK | |||
r-release-windows-x86_64 | 3.0.0 | 5.00 | 93.00 | 98.00 | OK | |
r-oldrel-macos-arm64 | 3.0.0 | 34.00 | OK | |||
r-oldrel-windows-x86_64 | 3.0.0 | 7.00 | 95.00 | 102.00 | OK |
Version: 3.0.0
Check: Rd files
Result: NOTE
checkRd: (-1) is.what.Rd:23-24: Lost braces in \enumerate; meant \describe ?
checkRd: (-1) is.what.Rd:25: Lost braces in \enumerate; meant \describe ?
checkRd: (-1) is.what.Rd:26-27: Lost braces in \enumerate; meant \describe ?
Flavors: r-devel-linux-x86_64-debian-clang, r-devel-linux-x86_64-debian-gcc, r-devel-linux-x86_64-fedora-clang, r-devel-linux-x86_64-fedora-gcc, r-prerel-macos-arm64, r-prerel-windows-x86_64, r-patched-linux-x86_64