CRAN Package Check Results for Package gbp

Last updated on 2021-10-21 09:54:51 CEST.

Flavor Version Tinstall Tcheck Ttotal Status Flags
r-devel-linux-x86_64-debian-clang 0.1.0.4 254.88 64.46 319.34 NOTE
r-devel-linux-x86_64-debian-gcc 0.1.0.4 195.66 49.04 244.70 NOTE
r-devel-linux-x86_64-fedora-clang 0.1.0.4 518.26 NOTE
r-devel-linux-x86_64-fedora-gcc 0.1.0.4 466.70 NOTE
r-devel-windows-x86_64 0.1.0.4 351.00 105.00 456.00 NOTE
r-devel-windows-x86_64-gcc10-UCRT 0.1.0.4 NOTE
r-patched-linux-x86_64 0.1.0.4 239.10 61.63 300.73 NOTE
r-patched-solaris-x86 0.1.0.4 420.80 NOTE
r-release-linux-x86_64 0.1.0.4 235.51 60.72 296.23 NOTE
r-release-macos-arm64 0.1.0.4 NOTE
r-release-macos-x86_64 0.1.0.4 NOTE
r-release-windows-ix86+x86_64 0.1.0.4 510.00 125.00 635.00 NOTE
r-oldrel-macos-x86_64 0.1.0.4 NOTE
r-oldrel-windows-ix86+x86_64 0.1.0.4 688.00 137.00 825.00 NOTE

Check Details

Version: 0.1.0.4
Check: LazyData
Result: NOTE
     'LazyData' is specified without a 'data' directory
Flavors: r-devel-linux-x86_64-debian-clang, r-devel-linux-x86_64-debian-gcc, r-devel-linux-x86_64-fedora-clang, r-devel-linux-x86_64-fedora-gcc, r-devel-windows-x86_64, r-devel-windows-x86_64-gcc10-UCRT, r-patched-linux-x86_64, r-patched-solaris-x86, r-release-linux-x86_64, r-release-macos-arm64, r-release-macos-x86_64, r-release-windows-ix86+x86_64

Version: 0.1.0.4
Check: for GNU extensions in Makefiles
Result: NOTE
    GNU make is a SystemRequirements.
Flavors: r-devel-linux-x86_64-debian-clang, r-devel-linux-x86_64-debian-gcc, r-devel-linux-x86_64-fedora-clang, r-devel-linux-x86_64-fedora-gcc, r-devel-windows-x86_64, r-devel-windows-x86_64-gcc10-UCRT, r-patched-linux-x86_64, r-patched-solaris-x86, r-release-linux-x86_64, r-release-macos-arm64, r-release-macos-x86_64, r-release-windows-ix86+x86_64, r-oldrel-macos-x86_64, r-oldrel-windows-ix86+x86_64

Version: 0.1.0.4
Check: installed package size
Result: NOTE
     installed size is 15.7Mb
     sub-directories of 1Mb or more:
     doc 1.2Mb
     libs 14.3Mb
Flavors: r-devel-linux-x86_64-fedora-clang, r-release-macos-arm64, r-release-macos-x86_64, r-release-windows-ix86+x86_64, r-oldrel-macos-x86_64, r-oldrel-windows-ix86+x86_64

Version: 0.1.0.4
Check: compiled code
Result: NOTE
    File ‘gbp/libs/gbp.so’:
     Found no calls to: ‘R_registerRoutines’, ‘R_useDynamicSymbols’
    
    It is good practice to register native routines and to disable symbol
    search.
    
    See ‘Writing portable packages’ in the ‘Writing R Extensions’ manual.
Flavors: r-devel-linux-x86_64-fedora-clang, r-devel-linux-x86_64-fedora-gcc