CRAN Package Check Results for Package gbeta

Last updated on 2021-10-18 09:54:43 CEST.

Flavor Version Tinstall Tcheck Ttotal Status Flags
r-devel-linux-x86_64-debian-clang 0.1.0 26.89 30.03 56.92 OK
r-devel-linux-x86_64-debian-gcc 0.1.0 27.37 24.60 51.97 OK
r-devel-linux-x86_64-fedora-clang 0.1.0 96.80 NOTE
r-devel-linux-x86_64-fedora-gcc 0.1.0 86.30 OK
r-devel-windows-x86_64 0.1.0 43.00 63.00 106.00 OK
r-devel-windows-x86_64-gcc10-UCRT 0.1.0 OK
r-patched-linux-x86_64 0.1.0 29.14 30.23 59.37 OK
r-patched-solaris-x86 0.1.0 96.80 OK
r-release-linux-x86_64 0.1.0 34.88 29.97 64.85 OK
r-release-macos-arm64 0.1.0 NOTE
r-release-macos-x86_64 0.1.0 NOTE
r-release-windows-ix86+x86_64 0.1.0 60.00 72.00 132.00 OK
r-oldrel-macos-x86_64 0.1.0 NOTE
r-oldrel-windows-ix86+x86_64 0.1.0 86.00 84.00 170.00 OK

Check Details

Version: 0.1.0
Check: installed package size
Result: NOTE
     installed size is 5.6Mb
     sub-directories of 1Mb or more:
     libs 5.4Mb
Flavors: r-devel-linux-x86_64-fedora-clang, r-release-macos-arm64, r-release-macos-x86_64, r-oldrel-macos-x86_64