CRAN Package Check Results for Package gaston

Last updated on 2021-10-23 10:56:52 CEST.

Flavor Version Tinstall Tcheck Ttotal Status Flags
r-devel-linux-x86_64-debian-clang 1.5.7 648.80 113.66 762.46 OK
r-devel-linux-x86_64-debian-gcc 1.5.7 531.47 100.87 632.34 OK
r-devel-linux-x86_64-fedora-clang 1.5.7 1306.78 NOTE
r-devel-linux-x86_64-fedora-gcc 1.5.7 1160.27 OK
r-devel-windows-x86_64 1.5.7 806.00 175.00 981.00 NOTE
r-devel-windows-x86_64-gcc10-UCRT 1.5.7 OK
r-patched-linux-x86_64 1.5.7 612.46 125.59 738.05 OK
r-patched-solaris-x86 1.5.7 921.20 NOTE
r-release-linux-x86_64 1.5.7 599.55 125.34 724.89 OK
r-release-macos-arm64 1.5.7 NOTE
r-release-macos-x86_64 1.5.7 NOTE
r-release-windows-ix86+x86_64 1.5.7 1154.00 237.00 1391.00 NOTE
r-oldrel-macos-x86_64 1.5.7 NOTE
r-oldrel-windows-ix86+x86_64 1.5.7 1595.00 245.00 1840.00 NOTE

Check Details

Version: 1.5.7
Check: installed package size
Result: NOTE
     installed size is 72.0Mb
     sub-directories of 1Mb or more:
     extdata 1.6Mb
     libs 68.6Mb
Flavors: r-devel-linux-x86_64-fedora-clang, r-devel-windows-x86_64, r-patched-solaris-x86, r-release-macos-arm64, r-release-macos-x86_64, r-release-windows-ix86+x86_64, r-oldrel-macos-x86_64, r-oldrel-windows-ix86+x86_64

Version: 1.5.7
Check: Rd cross-references
Result: NOTE
    Undeclared package ‘RcppEigen’ in Rd xrefs
Flavor: r-devel-linux-x86_64-fedora-clang