Last updated on 2024-04-23 10:54:03 CEST.
Flavor | Version | Tinstall | Tcheck | Ttotal | Status | Flags |
---|---|---|---|---|---|---|
r-devel-linux-x86_64-debian-clang | 0.0.1 | 4.40 | 44.86 | 49.26 | NOTE | |
r-devel-linux-x86_64-debian-gcc | 0.0.1 | 2.56 | 34.25 | 36.81 | NOTE | |
r-devel-linux-x86_64-fedora-clang | 0.0.1 | 61.52 | NOTE | |||
r-devel-linux-x86_64-fedora-gcc | 0.0.1 | 72.58 | NOTE | |||
r-prerel-macos-arm64 | 0.0.1 | 29.00 | NOTE | |||
r-prerel-windows-x86_64 | 0.0.1 | 5.00 | 60.00 | 65.00 | NOTE | |
r-patched-linux-x86_64 | 0.0.1 | 3.94 | 42.99 | 46.93 | NOTE | |
r-release-linux-x86_64 | 0.0.1 | 4.32 | 41.36 | 45.68 | NOTE | |
r-release-macos-arm64 | 0.0.1 | 28.00 | NOTE | |||
r-release-macos-x86_64 | 0.0.1 | 41.00 | NOTE | |||
r-release-windows-x86_64 | 0.0.1 | 6.00 | 63.00 | 69.00 | NOTE | |
r-oldrel-macos-arm64 | 0.0.1 | 24.00 | NOTE | |||
r-oldrel-windows-x86_64 | 0.0.1 | 7.00 | 69.00 | 76.00 | NOTE |
Version: 0.0.1
Check: LazyData
Result: NOTE
'LazyData' is specified without a 'data' directory
Flavors: r-devel-linux-x86_64-debian-clang, r-devel-linux-x86_64-debian-gcc, r-devel-linux-x86_64-fedora-clang, r-devel-linux-x86_64-fedora-gcc, r-prerel-macos-arm64, r-prerel-windows-x86_64, r-patched-linux-x86_64, r-release-linux-x86_64, r-release-macos-arm64, r-release-macos-x86_64, r-release-windows-x86_64, r-oldrel-macos-arm64, r-oldrel-windows-x86_64