CRAN Package Check Results for Package gWidgets2

Last updated on 2021-09-19 09:50:17 CEST.

Flavor Version Tinstall Tcheck Ttotal Status Flags
r-devel-linux-x86_64-debian-clang 1.0-8 10.36 59.25 69.61 OK
r-devel-linux-x86_64-debian-gcc 1.0-8 9.23 44.92 54.15 OK
r-devel-linux-x86_64-fedora-clang 1.0-8 92.24 OK
r-devel-linux-x86_64-fedora-gcc 1.0-8 82.07 OK
r-devel-windows-x86_64 1.0-8 17.00 71.00 88.00 OK
r-devel-windows-x86_64-gcc10-UCRT 1.0-8 ERROR
r-patched-linux-x86_64 1.0-8 12.10 56.96 69.06 OK
r-patched-solaris-x86 1.0-8 103.30 OK
r-release-linux-x86_64 1.0-8 9.22 55.81 65.03 OK
r-release-macos-arm64 1.0-8 OK
r-release-macos-x86_64 1.0-8 OK
r-release-windows-ix86+x86_64 1.0-8 23.00 51.00 74.00 OK
r-oldrel-macos-x86_64 1.0-8 OK
r-oldrel-windows-ix86+x86_64 1.0-8 21.00 56.00 77.00 OK

Check Details

Version: 1.0-8
Check: whether package can be installed
Result: WARN
    Found the following significant warnings:
     WARNING: installation-time patches will not be applied, could not get the patches index
Flavor: r-devel-windows-x86_64-gcc10-UCRT

Version: 1.0-8
Check: PDF version of manual
Result: WARN
    LaTeX errors when creating PDF version.
    This typically indicates Rd problems.
Flavor: r-devel-windows-x86_64-gcc10-UCRT

Version: 1.0-8
Check: PDF version of manual without hyperrefs or index
Result: ERROR
    Re-running with no redirection of stdout/stderr.
Flavor: r-devel-windows-x86_64-gcc10-UCRT