Last updated on 2024-04-23 10:54:03 CEST.
Flavor | Version | Tinstall | Tcheck | Ttotal | Status | Flags |
---|---|---|---|---|---|---|
r-devel-linux-x86_64-debian-clang | 0.13.0 | 84.71 | 231.83 | 316.54 | OK | |
r-devel-linux-x86_64-debian-gcc | 0.13.0 | 67.92 | 181.73 | 249.65 | OK | |
r-devel-linux-x86_64-fedora-clang | 0.13.0 | 434.17 | OK | |||
r-devel-linux-x86_64-fedora-gcc | 0.13.0 | 355.48 | OK | |||
r-prerel-macos-arm64 | 0.13.0 | 124.00 | NOTE | |||
r-prerel-windows-x86_64 | 0.13.0 | 66.00 | 222.00 | 288.00 | OK | |
r-patched-linux-x86_64 | 0.13.0 | 95.39 | 233.09 | 328.48 | OK | |
r-release-linux-x86_64 | 0.13.0 | 86.30 | 236.58 | 322.88 | OK | |
r-release-macos-arm64 | 0.13.0 | 130.00 | NOTE | |||
r-release-macos-x86_64 | 0.13.0 | 217.00 | NOTE | |||
r-release-windows-x86_64 | 0.13.0 | 92.00 | 255.00 | 347.00 | OK | |
r-oldrel-macos-arm64 | 0.13.0 | 120.00 | NOTE | |||
r-oldrel-windows-x86_64 | 0.13.0 | 86.00 | 249.00 | 335.00 | OK |
Version: 0.13.0
Check: installed package size
Result: NOTE
installed size is 6.1Mb
sub-directories of 1Mb or more:
libs 5.0Mb
Flavors: r-prerel-macos-arm64, r-release-macos-arm64, r-release-macos-x86_64, r-oldrel-macos-arm64