CRAN Package Check Results for Package fuzzyjoin

Last updated on 2021-07-29 10:52:58 CEST.

Flavor Version Tinstall Tcheck Ttotal Status Flags
r-devel-linux-x86_64-debian-clang 0.1.6 ERROR
r-devel-linux-x86_64-debian-gcc 0.1.6 3.78 98.88 102.66 OK
r-devel-linux-x86_64-fedora-clang 0.1.6 174.74 OK
r-devel-linux-x86_64-fedora-gcc 0.1.6 156.07 OK
r-devel-windows-x86_64 0.1.6 7.00 153.00 160.00 OK
r-devel-windows-x86_64-gcc10-UCRT 0.1.6 OK
r-patched-linux-x86_64 0.1.6 8.59 123.78 132.37 OK
r-patched-solaris-x86 0.1.6 230.30 OK
r-release-linux-x86_64 0.1.6 4.19 125.03 129.22 OK
r-release-macos-arm64 0.1.6 OK
r-release-macos-x86_64 0.1.6 OK
r-release-windows-ix86+x86_64 0.1.6 12.00 152.00 164.00 OK
r-oldrel-macos-x86_64 0.1.6 OK
r-oldrel-windows-ix86+x86_64 0.1.6 10.00 153.00 163.00 OK

Check Details

Version: 0.1.6
Check: package dependencies
Result: ERROR
    Package required but not available: 'stringdist'
    
    See section 'The DESCRIPTION file' in the 'Writing R Extensions'
    manual.
Flavor: r-devel-linux-x86_64-debian-clang