CRAN Package Check Results for Package future.apply

Last updated on 2021-09-23 10:53:24 CEST.

Flavor Version Tinstall Tcheck Ttotal Status Flags
r-devel-linux-x86_64-debian-clang 1.8.1 4.50 227.42 231.92 OK
r-devel-linux-x86_64-debian-gcc 1.8.1 3.24 172.50 175.74 OK
r-devel-linux-x86_64-fedora-clang 1.8.1 284.74 OK
r-devel-linux-x86_64-fedora-gcc 1.8.1 274.18 OK
r-devel-windows-x86_64 1.8.1 6.00 188.00 194.00 OK
r-devel-windows-x86_64-gcc10-UCRT 1.8.1 ERROR
r-patched-linux-x86_64 1.8.1 3.84 219.46 223.30 OK
r-patched-solaris-x86 1.8.1 73.00 OK --no-tests
r-release-linux-x86_64 1.8.1 4.00 218.94 222.94 OK
r-release-macos-arm64 1.8.1 OK
r-release-macos-x86_64 1.8.1 OK
r-release-windows-ix86+x86_64 1.8.1 7.00 187.00 194.00 OK
r-oldrel-macos-x86_64 1.8.1 OK
r-oldrel-windows-ix86+x86_64 1.8.1 6.00 191.00 197.00 OK

Check Details

Version: 1.8.1
Check: PDF version of manual
Result: WARN
    LaTeX errors when creating PDF version.
    This typically indicates Rd problems.
Flavor: r-devel-windows-x86_64-gcc10-UCRT

Version: 1.8.1
Check: PDF version of manual without hyperrefs or index
Result: ERROR
    Re-running with no redirection of stdout/stderr.
Flavor: r-devel-windows-x86_64-gcc10-UCRT