CRAN Package Check Results for Package fusionchartsR

Last updated on 2021-07-24 09:53:58 CEST.

Flavor Version Tinstall Tcheck Ttotal Status Flags
r-devel-linux-x86_64-debian-clang 0.0.2 15.19 124.19 139.38 OK
r-devel-linux-x86_64-debian-gcc 0.0.2 12.45 92.69 105.14 OK
r-devel-linux-x86_64-fedora-clang 0.0.2 172.62 NOTE
r-devel-linux-x86_64-fedora-gcc 0.0.2 159.06 NOTE
r-devel-windows-x86_64 0.0.2 18.00 109.00 127.00 OK
r-devel-windows-x86_64-gcc10-UCRT 0.0.2 NOTE
r-patched-linux-x86_64 0.0.2 13.60 117.91 131.51 OK
r-patched-solaris-x86 0.0.2 228.60 NOTE
r-release-linux-x86_64 0.0.2 13.55 117.56 131.11 OK
r-release-macos-arm64 0.0.2 NOTE
r-release-macos-x86_64 0.0.2 NOTE
r-release-windows-ix86+x86_64 0.0.2 35.00 119.00 154.00 OK
r-oldrel-macos-x86_64 0.0.2 NOTE
r-oldrel-windows-ix86+x86_64 0.0.2 36.00 141.00 177.00 OK

Check Details

Version: 0.0.2
Check: dependencies in R code
Result: NOTE
    Namespaces in Imports field not imported from:
     ‘pROC’ ‘reshape2’ ‘survival’
     All declared Imports should be used.
Flavors: r-devel-linux-x86_64-fedora-clang, r-devel-linux-x86_64-fedora-gcc, r-devel-windows-x86_64-gcc10-UCRT, r-patched-solaris-x86, r-release-macos-arm64, r-release-macos-x86_64, r-oldrel-macos-x86_64