Last updated on 2024-04-19 10:57:25 CEST.
Flavor | Version | Tinstall | Tcheck | Ttotal | Status | Flags |
---|---|---|---|---|---|---|
r-devel-linux-x86_64-debian-clang | 0.3.2 | 15.57 | 79.09 | 94.66 | NOTE | |
r-devel-linux-x86_64-debian-gcc | 0.3.2 | NOTE | ||||
r-devel-linux-x86_64-fedora-clang | 0.3.2 | 109.94 | NOTE | |||
r-devel-linux-x86_64-fedora-gcc | 0.3.2 | 106.46 | NOTE | |||
r-prerel-macos-arm64 | 0.3.2 | 32.00 | NOTE | |||
r-prerel-windows-x86_64 | 0.3.2 | 13.00 | 77.00 | 90.00 | NOTE | |
r-patched-linux-x86_64 | 0.3.2 | 13.51 | 75.09 | 88.60 | NOTE | |
r-release-linux-x86_64 | 0.3.2 | 9.00 | 75.53 | 84.53 | OK | |
r-release-macos-arm64 | 0.3.2 | 32.00 | OK | |||
r-release-macos-x86_64 | 0.3.2 | 65.00 | OK | |||
r-release-windows-x86_64 | 0.3.2 | 14.00 | 89.00 | 103.00 | OK | |
r-oldrel-macos-arm64 | 0.3.2 | 33.00 | OK | |||
r-oldrel-windows-x86_64 | 0.3.2 | 18.00 | 89.00 | 107.00 | OK |
Version: 0.3.2
Check: Rd files
Result: NOTE
checkRd: (-1) Xfgpm-class.Rd:12-15: Lost braces in \itemize; meant \describe ?
checkRd: (-1) Xfgpm-class.Rd:16-19: Lost braces in \itemize; meant \describe ?
checkRd: (-1) Xfgpm-class.Rd:67-70: Lost braces in \itemize; meant \describe ?
checkRd: (-1) black-boxes.Rd:57-59: Lost braces in \itemize; meant \describe ?
checkRd: (-1) black-boxes.Rd:61-63: Lost braces in \itemize; meant \describe ?
checkRd: (-1) black-boxes.Rd:65-68: Lost braces in \itemize; meant \describe ?
checkRd: (-1) black-boxes.Rd:70-76: Lost braces in \itemize; meant \describe ?
checkRd: (-1) black-boxes.Rd:78-84: Lost braces in \itemize; meant \describe ?
checkRd: (-1) black-boxes.Rd:86-89: Lost braces in \itemize; meant \describe ?
checkRd: (-1) black-boxes.Rd:91-97: Lost braces in \itemize; meant \describe ?
checkRd: (-1) fgpm-class.Rd:12-17: Lost braces in \itemize; meant \describe ?
checkRd: (-1) fgpm-class.Rd:18-22: Lost braces in \itemize; meant \describe ?
checkRd: (-1) fgpm-class.Rd:31: Lost braces; missing escapes or markup?
31 | {"scalar", "functional", "hybrid"}.}
| ^
checkRd: (-1) fgpm-class.Rd:78-81: Lost braces in \itemize; meant \describe ?
checkRd: (-1) funGp-package.Rd:20-25: Lost braces in \itemize; meant \describe ?
checkRd: (-1) funGp-package.Rd:26-30: Lost braces in \itemize; meant \describe ?
checkRd: (-1) funGp-package.Rd:37-39: Lost braces in \itemize; meant \describe ?
checkRd: (-1) funGp-package.Rd:40-43: Lost braces in \itemize; meant \describe ?
checkRd: (-1) funGp-package.Rd:44-48: Lost braces in \itemize; meant \describe ?
checkRd: (-1) funGp-package.Rd:49-54: Lost braces in \itemize; meant \describe ?
checkRd: (-1) funGp-package.Rd:61-64: Lost braces in \itemize; meant \describe ?
checkRd: (-1) funGp-package.Rd:65-68: Lost braces in \itemize; meant \describe ?
checkRd: (-1) funGp-package.Rd:69-72: Lost braces in \itemize; meant \describe ?
checkRd: (-1) kernel-class.Rd:14-15: Lost braces
14 | \item{\code{kerType}}{Object of class \code{"character"}. Kernel type. To be set from {"gauss", "matern5_2",
| ^
checkRd: (-1) kernel-class.Rd:17-18: Lost braces
17 | \item{\code{f_disType}}{Object of class \code{"character"}. Distance type. To be set from {"L2_bygroup",
| ^
checkRd: (-1) plot-fgpm-method.Rd:16: Lost braces in \itemize; meant \describe ?
checkRd: (-1) plot-fgpm-method.Rd:17-18: Lost braces in \itemize; meant \describe ?
checkRd: (-1) plot-fgpm-method.Rd:19: Lost braces in \itemize; meant \describe ?
checkRd: (-1) plot-fgpm-method.Rd:20-21: Lost braces in \itemize; meant \describe ?
checkRd: (-1) proj-Class.Rd:16: Lost braces; missing escapes or markup?
16 | \item{\code{basType}}{Object of class \code{"character"}. To be chosen from {"PCA", "B-splines"}.}
| ^
Flavors: r-devel-linux-x86_64-debian-clang, r-devel-linux-x86_64-debian-gcc, r-devel-linux-x86_64-fedora-clang, r-devel-linux-x86_64-fedora-gcc, r-prerel-macos-arm64, r-prerel-windows-x86_64, r-patched-linux-x86_64