CRAN Package Check Results for Package fulltext

Last updated on 2021-09-19 09:50:14 CEST.

Flavor Version Tinstall Tcheck Ttotal Status Flags
r-devel-linux-x86_64-debian-clang 2.0 16.03 105.77 121.80 OK
r-devel-linux-x86_64-debian-gcc 2.0 12.26 78.86 91.12 OK
r-devel-linux-x86_64-fedora-clang 2.0 152.39 OK
r-devel-linux-x86_64-fedora-gcc 2.0 137.05 OK
r-devel-windows-x86_64 2.0 16.00 130.00 146.00 OK
r-devel-windows-x86_64-gcc10-UCRT 2.0 ERROR
r-patched-linux-x86_64 2.0 21.49 100.84 122.33 OK
r-patched-solaris-x86 2.0 185.50 OK
r-release-linux-x86_64 2.0 17.13 98.87 116.00 OK
r-release-macos-arm64 2.0 OK
r-release-macos-x86_64 2.0 OK
r-release-windows-ix86+x86_64 2.0 31.00 86.00 117.00 OK
r-oldrel-macos-x86_64 2.0 OK
r-oldrel-windows-ix86+x86_64 2.0 32.00 131.00 163.00 OK

Check Details

Version: 2.0
Check: package dependencies
Result: ERROR
    Packages required but not available: 'aRxiv', 'rentrez'
    
    See section 'The DESCRIPTION file' in the 'Writing R Extensions'
    manual.
Flavor: r-devel-windows-x86_64-gcc10-UCRT