Last updated on 2024-05-20 09:49:13 CEST.
Flavor | Version | Tinstall | Tcheck | Ttotal | Status | Flags |
---|---|---|---|---|---|---|
r-devel-linux-x86_64-debian-clang | 0.3.5 | 2.48 | 32.07 | 34.55 | OK | |
r-devel-linux-x86_64-debian-gcc | 0.3.6 | 2.41 | 24.61 | 27.02 | OK | |
r-devel-linux-x86_64-fedora-clang | 0.3.6 | 45.39 | NOTE | |||
r-devel-linux-x86_64-fedora-gcc | 0.3.6 | 42.51 | NOTE | |||
r-devel-windows-x86_64 | 0.3.6 | 6.00 | 70.00 | 76.00 | OK | |
r-patched-linux-x86_64 | 0.3.5 | 1.97 | 30.91 | 32.88 | OK | |
r-release-linux-x86_64 | 0.3.6 | 2.11 | 31.37 | 33.48 | OK | |
r-release-macos-arm64 | 0.3.6 | 21.00 | OK | |||
r-release-macos-x86_64 | 0.3.6 | 44.00 | OK | |||
r-release-windows-x86_64 | 0.3.5 | 5.00 | 54.00 | 59.00 | OK | |
r-oldrel-macos-arm64 | 0.3.6 | 27.00 | OK | |||
r-oldrel-macos-x86_64 | 0.3.6 | 41.00 | OK | |||
r-oldrel-windows-x86_64 | 0.3.6 | 4.00 | 61.00 | 65.00 | OK |
Version: 0.3.6
Check: data for non-ASCII characters
Result: NOTE
Note: found 7921 marked UTF-8 strings
Flavors: r-devel-linux-x86_64-fedora-clang, r-devel-linux-x86_64-fedora-gcc