Last updated on 2024-04-26 09:51:59 CEST.
Flavor | Version | Tinstall | Tcheck | Ttotal | Status | Flags |
---|---|---|---|---|---|---|
r-devel-linux-x86_64-debian-clang | 1.0 | 2.06 | 21.51 | 23.57 | OK | |
r-devel-linux-x86_64-debian-gcc | 1.0 | 1.65 | 17.06 | 18.71 | OK | |
r-devel-linux-x86_64-fedora-clang | 1.0 | 30.17 | NOTE | |||
r-devel-linux-x86_64-fedora-gcc | 1.0 | 29.14 | NOTE | |||
r-devel-windows-x86_64 | 1.0 | 3.00 | 39.00 | 42.00 | OK | |
r-patched-linux-x86_64 | 1.0 | 1.87 | 20.68 | 22.55 | OK | |
r-release-linux-x86_64 | 1.0 | 2.02 | 21.01 | 23.03 | OK | |
r-release-macos-arm64 | 1.0 | 14.00 | OK | |||
r-release-windows-x86_64 | 1.0 | 4.00 | 38.00 | 42.00 | OK | |
r-oldrel-macos-arm64 | 1.0 | 15.00 | OK | |||
r-oldrel-macos-x86_64 | 1.0 | 20.00 | OK | |||
r-oldrel-windows-x86_64 | 1.0 | 4.00 | 38.00 | 42.00 | OK |
Version: 1.0
Check: data for non-ASCII characters
Result: NOTE
Note: found 39 marked UTF-8 strings
Flavors: r-devel-linux-x86_64-fedora-clang, r-devel-linux-x86_64-fedora-gcc