Last updated on 2024-05-11 09:51:19 CEST.
Flavor | Version | Tinstall | Tcheck | Ttotal | Status | Flags |
---|---|---|---|---|---|---|
r-devel-linux-x86_64-debian-clang | 0.2.1 | 25.08 | 38.48 | 63.56 | NOTE | |
r-devel-linux-x86_64-debian-gcc | 0.2.1 | 18.18 | 28.64 | 46.82 | NOTE | |
r-devel-linux-x86_64-fedora-clang | 0.2.1 | 91.99 | NOTE | |||
r-devel-linux-x86_64-fedora-gcc | 0.2.1 | 129.89 | NOTE | |||
r-devel-windows-x86_64 | 0.2.1 | 21.00 | 69.00 | 90.00 | NOTE | |
r-patched-linux-x86_64 | 0.2.1 | 26.20 | 36.10 | 62.30 | NOTE | |
r-release-linux-x86_64 | 0.2.1 | 26.46 | 36.05 | 62.51 | NOTE | |
r-release-macos-arm64 | 0.2.1 | 25.00 | NOTE | |||
r-release-windows-x86_64 | 0.2.1 | 22.00 | 68.00 | 90.00 | NOTE | |
r-oldrel-macos-arm64 | 0.2.1 | 27.00 | NOTE | |||
r-oldrel-macos-x86_64 | 0.2.1 | 41.00 | NOTE | |||
r-oldrel-windows-x86_64 | 0.2.1 | 22.00 | 75.00 | 97.00 | NOTE |
Version: 0.2.1
Check: C++ specification
Result: NOTE
Specified C++11: please drop specification unless essential
Flavors: r-devel-linux-x86_64-debian-clang, r-devel-linux-x86_64-debian-gcc, r-devel-linux-x86_64-fedora-clang, r-devel-linux-x86_64-fedora-gcc, r-devel-windows-x86_64, r-patched-linux-x86_64, r-release-linux-x86_64, r-release-macos-arm64, r-release-windows-x86_64, r-oldrel-macos-arm64, r-oldrel-macos-x86_64, r-oldrel-windows-x86_64