CRAN Package Check Results for Package fmpcloudr

Last updated on 2021-10-25 09:55:20 CEST.

Flavor Version Tinstall Tcheck Ttotal Status Flags
r-devel-linux-x86_64-debian-clang 0.1.5 3.07 27.41 30.48 NOTE
r-devel-linux-x86_64-debian-gcc 0.1.5 2.36 21.54 23.90 NOTE
r-devel-linux-x86_64-fedora-clang 0.1.5 47.93 NOTE
r-devel-linux-x86_64-fedora-gcc 0.1.5 37.33 NOTE
r-devel-windows-x86_64 0.1.5 5.00 47.00 52.00 NOTE
r-devel-windows-x86_64-gcc10-UCRT 0.1.5 NOTE
r-patched-linux-x86_64 0.1.5 3.85 26.58 30.43 NOTE
r-patched-solaris-x86 0.1.5 52.70 NOTE
r-release-linux-x86_64 0.1.5 2.95 26.53 29.48 NOTE
r-release-macos-arm64 0.1.5 NOTE
r-release-macos-x86_64 0.1.5 NOTE
r-release-windows-ix86+x86_64 0.1.5 10.00 47.00 57.00 NOTE
r-oldrel-macos-x86_64 0.1.5 OK
r-oldrel-windows-ix86+x86_64 0.1.5 6.00 46.00 52.00 OK

Check Details

Version: 0.1.5
Check: LazyData
Result: NOTE
     'LazyData' is specified without a 'data' directory
Flavors: r-devel-linux-x86_64-debian-clang, r-devel-linux-x86_64-debian-gcc, r-devel-linux-x86_64-fedora-clang, r-devel-linux-x86_64-fedora-gcc, r-devel-windows-x86_64, r-devel-windows-x86_64-gcc10-UCRT, r-patched-linux-x86_64, r-patched-solaris-x86, r-release-linux-x86_64, r-release-macos-arm64, r-release-macos-x86_64, r-release-windows-ix86+x86_64