CRAN Package Check Results for Package flying

Last updated on 2021-10-16 09:54:17 CEST.

Flavor Version Tinstall Tcheck Ttotal Status Flags
r-devel-linux-x86_64-debian-clang 0.1.3 25.20 59.99 85.19 OK
r-devel-linux-x86_64-debian-gcc 0.1.3 17.71 45.35 63.06 OK
r-devel-linux-x86_64-fedora-clang 0.1.3 124.00 NOTE
r-devel-linux-x86_64-fedora-gcc 0.1.3 104.84 NOTE
r-devel-windows-x86_64 0.1.3 32.00 73.00 105.00 OK
r-devel-windows-x86_64-gcc10-UCRT 0.1.3 NOTE
r-patched-linux-x86_64 0.1.3 19.54 58.63 78.17 OK
r-patched-solaris-x86 0.1.3 109.80 NOTE
r-release-linux-x86_64 0.1.3 20.97 57.89 78.86 OK
r-release-macos-arm64 0.1.3 NOTE
r-release-macos-x86_64 0.1.3 NOTE
r-release-windows-ix86+x86_64 0.1.3 63.00 117.00 180.00 OK
r-oldrel-macos-x86_64 0.1.3 NOTE
r-oldrel-windows-ix86+x86_64 0.1.3 66.00 118.00 184.00 OK

Check Details

Version: 0.1.3
Check: dependencies in R code
Result: NOTE
    Namespaces in Imports field not imported from:
     ‘kableExtra’ ‘knitr’ ‘rmarkdown’
     All declared Imports should be used.
Flavors: r-devel-linux-x86_64-fedora-clang, r-devel-linux-x86_64-fedora-gcc, r-devel-windows-x86_64-gcc10-UCRT, r-patched-solaris-x86, r-release-macos-arm64, r-release-macos-x86_64, r-oldrel-macos-x86_64