Last updated on 2024-04-19 10:57:25 CEST.
Flavor | Version | Tinstall | Tcheck | Ttotal | Status | Flags |
---|---|---|---|---|---|---|
r-devel-linux-x86_64-debian-clang | 0.3.4 | 40.06 | 71.26 | 111.32 | OK | |
r-devel-linux-x86_64-debian-gcc | 0.3.4 | OK | ||||
r-devel-linux-x86_64-fedora-clang | 0.3.4 | 150.77 | NOTE | |||
r-devel-linux-x86_64-fedora-gcc | 0.3.4 | 145.86 | OK | |||
r-prerel-macos-arm64 | 0.3.4 | 56.00 | NOTE | |||
r-prerel-windows-x86_64 | 0.3.4 | 43.00 | 73.00 | 116.00 | NOTE | |
r-patched-linux-x86_64 | 0.3.4 | 42.59 | 67.93 | 110.52 | OK | |
r-release-linux-x86_64 | 0.3.4 | 38.86 | 68.45 | 107.31 | OK | |
r-release-macos-arm64 | 0.3.4 | 66.00 | NOTE | |||
r-release-macos-x86_64 | 0.3.4 | 85.00 | NOTE | |||
r-release-windows-x86_64 | 0.3.4 | 51.00 | 81.00 | 132.00 | NOTE | |
r-oldrel-macos-arm64 | 0.3.4 | 61.00 | NOTE | |||
r-oldrel-windows-x86_64 | 0.3.4 | 54.00 | 81.00 | 135.00 | NOTE |
Version: 0.3.4
Check: installed package size
Result: NOTE
installed size is 7.2Mb
sub-directories of 1Mb or more:
R 7.0Mb
Flavors: r-devel-linux-x86_64-fedora-clang, r-prerel-macos-arm64, r-prerel-windows-x86_64, r-release-macos-arm64, r-release-macos-x86_64, r-release-windows-x86_64, r-oldrel-macos-arm64, r-oldrel-windows-x86_64