CRAN Package Check Results for Package flock

Last updated on 2021-12-06 09:53:27 CET.

Flavor Version Tinstall Tcheck Ttotal Status Flags
r-devel-linux-x86_64-debian-clang 0.7 16.51 33.30 49.81 OK
r-devel-linux-x86_64-debian-gcc 0.7 10.99 26.47 37.46 OK
r-devel-linux-x86_64-fedora-clang 0.7 72.26 NOTE
r-devel-linux-x86_64-fedora-gcc 0.7 55.71 NOTE
r-devel-windows-x86_64-new-UL 0.7 28.00 82.00 110.00 OK
r-devel-windows-x86_64-new-TK 0.7 OK
r-devel-windows-x86_64-old 0.7 26.00 44.00 70.00 OK
r-patched-linux-x86_64 0.7 13.77 24.22 37.99 OK
r-release-linux-x86_64 0.7 13.27 32.03 45.30 OK
r-release-macos-arm64 0.7 OK
r-release-macos-x86_64 0.7 OK
r-release-windows-ix86+x86_64 0.7 50.00 64.00 114.00 OK
r-oldrel-macos-x86_64 0.7 OK
r-oldrel-windows-ix86+x86_64 0.7 54.00 66.00 120.00 OK

Check Details

Version: 0.7
Check: compiled code
Result: NOTE
    File ‘flock/libs/flock.so’:
     Found no calls to: ‘R_registerRoutines’, ‘R_useDynamicSymbols’
    
    It is good practice to register native routines and to disable symbol
    search.
    
    See ‘Writing portable packages’ in the ‘Writing R Extensions’ manual.
Flavors: r-devel-linux-x86_64-fedora-clang, r-devel-linux-x86_64-fedora-gcc