CRAN Package Check Results for Package flippant

Last updated on 2021-07-25 09:50:18 CEST.

Flavor Version Tinstall Tcheck Ttotal Status Flags
r-devel-linux-x86_64-debian-clang 1.5.3 4.03 49.98 54.01 NOTE
r-devel-linux-x86_64-debian-gcc 1.5.3 4.13 36.96 41.09 NOTE
r-devel-linux-x86_64-fedora-clang 1.5.3 72.58 NOTE
r-devel-linux-x86_64-fedora-gcc 1.5.3 60.43 NOTE
r-devel-windows-x86_64 1.5.3 8.00 49.00 57.00 NOTE
r-devel-windows-x86_64-gcc10-UCRT 1.5.3 NOTE
r-patched-linux-x86_64 1.5.3 8.55 45.84 54.39 NOTE
r-patched-solaris-x86 1.5.3 91.10 NOTE
r-release-linux-x86_64 1.5.3 5.13 46.03 51.16 NOTE
r-release-macos-arm64 1.5.3 NOTE
r-release-macos-x86_64 1.5.3 NOTE
r-release-windows-ix86+x86_64 1.5.3 14.00 52.00 66.00 NOTE
r-oldrel-macos-x86_64 1.5.3 OK
r-oldrel-windows-ix86+x86_64 1.5.3 14.00 65.00 79.00 OK

Check Details

Version: 1.5.3
Check: LazyData
Result: NOTE
     'LazyData' is specified without a 'data' directory
Flavors: r-devel-linux-x86_64-debian-clang, r-devel-linux-x86_64-debian-gcc, r-devel-linux-x86_64-fedora-clang, r-devel-linux-x86_64-fedora-gcc, r-devel-windows-x86_64, r-devel-windows-x86_64-gcc10-UCRT, r-patched-linux-x86_64, r-patched-solaris-x86, r-release-linux-x86_64, r-release-macos-arm64, r-release-macos-x86_64, r-release-windows-ix86+x86_64

Version: 1.5.3
Check: package dependencies
Result: NOTE
    Package suggested but not available for checking: ‘multipanelfigure’
Flavor: r-patched-solaris-x86