Last updated on 2024-04-19 10:57:25 CEST.
Flavor | Version | Tinstall | Tcheck | Ttotal | Status | Flags |
---|---|---|---|---|---|---|
r-devel-linux-x86_64-debian-clang | 2.2.2 | 81.33 | 436.05 | 517.38 | NOTE | |
r-devel-linux-x86_64-debian-gcc | 2.2.2 | NOTE | ||||
r-devel-linux-x86_64-fedora-clang | 2.2.2 | 665.82 | NOTE | |||
r-devel-linux-x86_64-fedora-gcc | 2.2.2 | 665.13 | NOTE | |||
r-prerel-macos-arm64 | 2.2.2 | 172.00 | NOTE | |||
r-prerel-windows-x86_64 | 2.2.2 | 68.00 | 407.00 | 475.00 | NOTE | |
r-patched-linux-x86_64 | 2.2.2 | 86.48 | 415.41 | 501.89 | NOTE | |
r-release-linux-x86_64 | 2.2.2 | 77.54 | 414.17 | 491.71 | OK | |
r-release-macos-arm64 | 2.2.2 | 201.00 | OK | |||
r-release-macos-x86_64 | 2.2.2 | 309.00 | NOTE | |||
r-release-windows-x86_64 | 2.2.2 | 86.00 | 484.00 | 570.00 | OK | |
r-oldrel-macos-arm64 | 2.2.2 | 153.00 | OK | |||
r-oldrel-windows-x86_64 | 2.2.2 | 85.00 | 439.00 | 524.00 | OK |
Version: 2.2.2
Check: Rd files
Result: NOTE
checkRd: (-1) bootci.fmsm.Rd:24: Lost braces
24 | \item{fn}{Function to bootstrap the results of. It must have an argument named `code{x} giving a fitted flexsurv model object. This may return a value with any format, e.g. list, matrix or vector, as long as it can be converted to a numeric vector with \code{unlist}. See the example below.}
| ^
Flavors: r-devel-linux-x86_64-debian-clang, r-devel-linux-x86_64-debian-gcc, r-devel-linux-x86_64-fedora-clang, r-devel-linux-x86_64-fedora-gcc, r-prerel-macos-arm64, r-prerel-windows-x86_64, r-patched-linux-x86_64
Version: 2.2.2
Check: HTML version of manual
Result: NOTE
Found the following HTML validation problems:
GenF.html:115:32 (GenF.Rd:80): Warning: trimming empty <code>
Flavors: r-devel-linux-x86_64-debian-clang, r-devel-linux-x86_64-debian-gcc, r-devel-linux-x86_64-fedora-clang, r-devel-linux-x86_64-fedora-gcc, r-prerel-windows-x86_64, r-patched-linux-x86_64
Version: 2.2.2
Check: package dependencies
Result: NOTE
Packages suggested but not available for checking:
'flexsurvcure', 'survminer'
Flavor: r-release-macos-x86_64
Version: 2.2.2
Check: re-building of vignette outputs
Result: NOTE
Error(s) in re-building vignettes:
--- re-building ‘standsurv.Rmd’ using rmarkdown
Pandoc is required to build R Markdown vignettes but not available. Please make sure it is installed.
Quitting from lines 85-90 (standsurv.Rmd)
Error: processing vignette 'standsurv.Rmd' failed with diagnostics:
there is no package called 'flexsurvcure'
--- failed re-building ‘standsurv.Rmd’
--- re-building ‘flexsurv.Rnw’ using knitr
--- finished re-building ‘flexsurv.Rnw’
--- re-building ‘multistate.Rnw’ using knitr
--- finished re-building ‘multistate.Rnw’
--- re-building ‘distributions.Rnw’ using Sweave
--- finished re-building ‘distributions.Rnw’
--- re-building ‘flexsurv-examples.Rnw’ using Sweave
Loading required package: survival
Forming integrated rmst function...
Forming integrated mean function...
Loading required package: TH.data
Loading required package: MASS
Attaching package: ‘TH.data’
The following object is masked from ‘package:MASS’:
geyser
--- finished re-building ‘flexsurv-examples.Rnw’
SUMMARY: processing the following file failed:
‘standsurv.Rmd’
Error: Vignette re-building failed.
Execution halted
Flavor: r-release-macos-x86_64