CRAN Package Check Results for Package fitur

Last updated on 2021-10-27 10:09:45 CEST.

Flavor Version Tinstall Tcheck Ttotal Status Flags
r-devel-linux-x86_64-debian-clang 0.6.2 5.86 78.90 84.76 OK
r-devel-linux-x86_64-debian-gcc 0.6.2 4.14 58.80 62.94 OK
r-devel-linux-x86_64-fedora-clang 0.6.2 111.72 NOTE
r-devel-linux-x86_64-fedora-gcc 0.6.2 98.41 NOTE
r-devel-windows-x86_64 0.6.2 11.00 109.00 120.00 OK
r-devel-windows-x86_64-gcc10-UCRT 0.6.2 NOTE
r-patched-linux-x86_64 0.6.2 6.31 76.75 83.06 OK
r-patched-solaris-x86 0.6.2 126.00 NOTE
r-release-linux-x86_64 0.6.2 4.84 76.69 81.53 OK
r-release-macos-arm64 0.6.2 NOTE
r-release-macos-x86_64 0.6.2 NOTE
r-release-windows-ix86+x86_64 0.6.2 13.00 105.00 118.00 OK
r-oldrel-macos-x86_64 0.6.2 NOTE
r-oldrel-windows-ix86+x86_64 0.6.2 12.00 86.00 98.00 OK

Check Details

Version: 0.6.2
Check: dependencies in R code
Result: NOTE
    Namespace in Imports field not imported from: ‘rstudioapi’
     All declared Imports should be used.
Flavors: r-devel-linux-x86_64-fedora-clang, r-devel-linux-x86_64-fedora-gcc, r-devel-windows-x86_64-gcc10-UCRT, r-patched-solaris-x86, r-release-macos-arm64, r-release-macos-x86_64, r-oldrel-macos-x86_64