CRAN Package Check Results for Package fingerPro

Last updated on 2021-07-27 09:53:18 CEST.

Flavor Version Tinstall Tcheck Ttotal Status Flags
r-devel-linux-x86_64-debian-clang 1.1 38.44 145.49 183.93 OK
r-devel-linux-x86_64-debian-gcc 1.1 28.63 109.87 138.50 OK
r-devel-linux-x86_64-fedora-clang 1.1 235.78 NOTE
r-devel-linux-x86_64-fedora-gcc 1.1 218.27 NOTE
r-devel-windows-x86_64 1.1 53.00 171.00 224.00 OK
r-devel-windows-x86_64-gcc10-UCRT 1.1 NOTE
r-patched-linux-x86_64 1.1 34.54 137.85 172.39 OK
r-patched-solaris-x86 1.1 308.50 NOTE
r-release-linux-x86_64 1.1 34.82 137.20 172.02 OK
r-release-macos-arm64 1.1 NOTE
r-release-macos-x86_64 1.1 NOTE
r-release-windows-ix86+x86_64 1.1 92.00 173.00 265.00 OK
r-oldrel-macos-x86_64 1.1 NOTE
r-oldrel-windows-ix86+x86_64 1.1 93.00 237.00 330.00 OK

Check Details

Version: 1.1
Check: dependencies in R code
Result: NOTE
    Namespace in Imports field not imported from: ‘RcppProgress’
     All declared Imports should be used.
Flavors: r-devel-linux-x86_64-fedora-clang, r-devel-linux-x86_64-fedora-gcc, r-devel-windows-x86_64-gcc10-UCRT, r-patched-solaris-x86, r-release-macos-arm64, r-release-macos-x86_64, r-oldrel-macos-x86_64