CRAN Package Check Results for Package finch

Last updated on 2021-09-17 09:53:23 CEST.

Flavor Version Tinstall Tcheck Ttotal Status Flags
r-devel-linux-x86_64-debian-clang 0.4.0 6.14 61.69 67.83 NOTE
r-devel-linux-x86_64-debian-gcc 0.4.0 5.81 45.61 51.42 NOTE
r-devel-linux-x86_64-fedora-clang 0.4.0 87.73 NOTE
r-devel-linux-x86_64-fedora-gcc 0.4.0 75.97 NOTE
r-devel-windows-x86_64 0.4.0 11.00 89.00 100.00 NOTE
r-devel-windows-x86_64-gcc10-UCRT 0.4.0 NOTE
r-patched-linux-x86_64 0.4.0 6.57 56.91 63.48 NOTE
r-patched-solaris-x86 0.4.0 110.40 NOTE
r-release-linux-x86_64 0.4.0 6.03 56.45 62.48 NOTE
r-release-macos-arm64 0.4.0 NOTE
r-release-macos-x86_64 0.4.0 NOTE
r-release-windows-ix86+x86_64 0.4.0 20.00 76.00 96.00 NOTE
r-oldrel-macos-x86_64 0.4.0 OK
r-oldrel-windows-ix86+x86_64 0.4.0 16.00 85.00 101.00 OK

Check Details

Version: 0.4.0
Check: LazyData
Result: NOTE
     'LazyData' is specified without a 'data' directory
Flavors: r-devel-linux-x86_64-debian-clang, r-devel-linux-x86_64-debian-gcc, r-devel-linux-x86_64-fedora-clang, r-devel-linux-x86_64-fedora-gcc, r-devel-windows-x86_64, r-devel-windows-x86_64-gcc10-UCRT, r-patched-linux-x86_64, r-patched-solaris-x86, r-release-linux-x86_64, r-release-macos-arm64, r-release-macos-x86_64, r-release-windows-ix86+x86_64