CRAN Package Check Results for Package finbif

Last updated on 2021-09-21 09:52:37 CEST.

Flavor Version Tinstall Tcheck Ttotal Status Flags
r-devel-linux-x86_64-debian-clang 0.6.2 10.86 79.37 90.23 OK
r-devel-linux-x86_64-debian-gcc 0.6.2 8.75 62.09 70.84 OK
r-devel-linux-x86_64-fedora-clang 0.6.2 114.36 OK
r-devel-linux-x86_64-fedora-gcc 0.6.2 100.97 OK
r-devel-windows-x86_64 0.6.2 10.00 84.00 94.00 OK
r-devel-windows-x86_64-gcc10-UCRT 0.6.2 ERROR
r-patched-linux-x86_64 0.6.2 10.17 81.14 91.31 OK
r-patched-solaris-x86 0.6.2 143.50 OK
r-release-linux-x86_64 0.6.2 9.26 82.69 91.95 OK
r-release-macos-arm64 0.6.2 OK
r-release-macos-x86_64 0.6.2 OK
r-release-windows-ix86+x86_64 0.6.2 14.00 82.00 96.00 OK
r-oldrel-macos-x86_64 0.6.2 OK
r-oldrel-windows-ix86+x86_64 0.6.2 17.00 119.00 136.00 OK

Check Details

Version: 0.6.2
Check: whether package can be installed
Result: WARN
    Found the following significant warnings:
     WARNING: installation-time patches will not be applied, could not get the patches index
Flavor: r-devel-windows-x86_64-gcc10-UCRT

Version: 0.6.2
Check: PDF version of manual
Result: WARN
    LaTeX errors when creating PDF version.
    This typically indicates Rd problems.
Flavor: r-devel-windows-x86_64-gcc10-UCRT

Version: 0.6.2
Check: PDF version of manual without hyperrefs or index
Result: ERROR
    Re-running with no redirection of stdout/stderr.
Flavor: r-devel-windows-x86_64-gcc10-UCRT