CRAN Package Check Results for Package ffscrapr

Last updated on 2021-09-27 09:49:39 CEST.

Flavor Version Tinstall Tcheck Ttotal Status Flags
r-devel-linux-x86_64-debian-clang 1.4.6 7.88 246.58 254.46 OK
r-devel-linux-x86_64-debian-gcc 1.4.6 6.08 175.47 181.55 OK
r-devel-linux-x86_64-fedora-clang 1.4.6 293.44 NOTE
r-devel-linux-x86_64-fedora-gcc 1.4.6 324.29 NOTE
r-devel-windows-x86_64 1.4.6 9.00 283.00 292.00 OK
r-devel-windows-x86_64-gcc10-UCRT 1.4.6 NOTE
r-patched-linux-x86_64 1.4.6 8.21 264.68 272.89 OK
r-patched-solaris-x86 1.4.6 308.60 NOTE
r-release-linux-x86_64 1.4.6 7.89 269.33 277.22 OK
r-release-macos-arm64 1.4.6 NOTE
r-release-macos-x86_64 1.4.6 NOTE
r-release-windows-ix86+x86_64 1.4.6 15.00 281.00 296.00 OK
r-oldrel-macos-x86_64 1.4.6 NOTE
r-oldrel-windows-ix86+x86_64 1.4.6 10.00 284.00 294.00 OK

Check Details

Version: 1.4.6
Check: dependencies in R code
Result: NOTE
    Namespace in Imports field not imported from: ‘nflreadr’
     All declared Imports should be used.
Flavors: r-devel-linux-x86_64-fedora-clang, r-devel-linux-x86_64-fedora-gcc, r-devel-windows-x86_64-gcc10-UCRT, r-patched-solaris-x86, r-release-macos-arm64, r-release-macos-x86_64, r-oldrel-macos-x86_64