CRAN Package Check Results for Package fec16

Last updated on 2021-12-03 10:50:49 CET.

Flavor Version Tinstall Tcheck Ttotal Status Flags
r-devel-linux-x86_64-debian-clang 0.1.3 5.48 57.58 63.06 OK
r-devel-linux-x86_64-debian-gcc 0.1.3 5.50 43.50 49.00 OK
r-devel-linux-x86_64-fedora-clang 0.1.3 91.56 NOTE
r-devel-linux-x86_64-fedora-gcc 0.1.3 81.43 NOTE
r-devel-windows-x86_64-new-UL 0.1.3 18.00 100.00 118.00 OK
r-devel-windows-x86_64-new-TK 0.1.3 NOTE
r-devel-windows-x86_64-old 0.1.3 12.00 64.00 76.00 OK
r-patched-linux-x86_64 0.1.3 6.35 53.72 60.07 OK
r-patched-solaris-x86 0.1.3 101.50 NOTE
r-release-linux-x86_64 0.1.3 6.36 51.97 58.33 OK
r-release-macos-arm64 0.1.3 NOTE
r-release-macos-x86_64 0.1.3 NOTE
r-release-windows-ix86+x86_64 0.1.3 15.00 73.00 88.00 OK
r-oldrel-macos-x86_64 0.1.3 NOTE
r-oldrel-windows-ix86+x86_64 0.1.3 16.00 75.00 91.00 OK

Check Details

Version: 0.1.3
Check: data for non-ASCII characters
Result: NOTE
     Note: found 20 marked UTF-8 strings
Flavors: r-devel-linux-x86_64-fedora-clang, r-devel-linux-x86_64-fedora-gcc, r-devel-windows-x86_64-new-TK, r-patched-solaris-x86, r-release-macos-arm64, r-release-macos-x86_64, r-oldrel-macos-x86_64