CRAN Package Check Results for Package fdq

Last updated on 2021-07-28 09:54:47 CEST.

Flavor Version Tinstall Tcheck Ttotal Status Flags
r-devel-linux-x86_64-debian-clang 0.12 NOTE
r-devel-linux-x86_64-debian-gcc 0.12 5.50 50.21 55.71 NOTE
r-devel-linux-x86_64-fedora-clang 0.12 96.22 NOTE
r-devel-linux-x86_64-fedora-gcc 0.12 83.97 NOTE
r-devel-windows-x86_64 0.12 11.00 70.00 81.00 NOTE
r-devel-windows-x86_64-gcc10-UCRT 0.12 NOTE
r-patched-linux-x86_64 0.12 7.00 63.08 70.08 NOTE
r-patched-solaris-x86 0.12 138.40 NOTE
r-release-linux-x86_64 0.12 6.73 62.22 68.95 NOTE
r-release-macos-arm64 0.12 NOTE
r-release-macos-x86_64 0.12 NOTE
r-release-windows-ix86+x86_64 0.12 17.00 57.00 74.00 NOTE
r-oldrel-macos-x86_64 0.12 NOTE
r-oldrel-windows-ix86+x86_64 0.12 14.00 85.00 99.00 OK

Check Details

Version: 0.12
Check: LazyData
Result: NOTE
     'LazyData' is specified without a 'data' directory
Flavors: r-devel-linux-x86_64-debian-clang, r-devel-linux-x86_64-debian-gcc, r-devel-linux-x86_64-fedora-clang, r-devel-linux-x86_64-fedora-gcc, r-devel-windows-x86_64, r-devel-windows-x86_64-gcc10-UCRT, r-patched-linux-x86_64, r-patched-solaris-x86, r-release-linux-x86_64, r-release-macos-arm64, r-release-macos-x86_64, r-release-windows-ix86+x86_64

Version: 0.12
Check: dependencies in R code
Result: NOTE
    Namespaces in Imports field not imported from:
     ‘data.table’ ‘ggplot2’ ‘randomcoloR’ ‘sqldf’
     All declared Imports should be used.
Flavors: r-devel-linux-x86_64-fedora-clang, r-devel-linux-x86_64-fedora-gcc, r-devel-windows-x86_64-gcc10-UCRT, r-patched-solaris-x86, r-release-macos-arm64, r-release-macos-x86_64, r-oldrel-macos-x86_64