Last updated on 2024-04-26 09:51:59 CEST.
Flavor | Version | Tinstall | Tcheck | Ttotal | Status | Flags |
---|---|---|---|---|---|---|
r-devel-linux-x86_64-debian-clang | 1.1-17 | 1494.67 | 223.72 | 1718.39 | NOTE | |
r-devel-linux-x86_64-debian-gcc | 1.1-17 | 1375.74 | 229.66 | 1605.40 | NOTE | |
r-devel-linux-x86_64-fedora-clang | 1.1-17 | 2076.22 | NOTE | |||
r-devel-linux-x86_64-fedora-gcc | 1.1-17 | 2837.86 | NOTE | |||
r-devel-windows-x86_64 | 1.1-17 | 1011.00 | 271.00 | 1282.00 | NOTE | |
r-patched-linux-x86_64 | 1.1-17 | 1622.33 | 296.09 | 1918.42 | NOTE | |
r-release-linux-x86_64 | 1.1-17 | 1604.22 | 281.12 | 1885.34 | NOTE | |
r-release-macos-arm64 | 1.1-17 | 487.00 | NOTE | |||
r-release-windows-x86_64 | 1.1-17 | 1036.00 | 268.00 | 1304.00 | NOTE | |
r-oldrel-macos-arm64 | 1.1-17 | 617.00 | NOTE | |||
r-oldrel-macos-x86_64 | 1.1-17 | 647.00 | NOTE | |||
r-oldrel-windows-x86_64 | 1.1-17 | 1464.00 | 332.00 | 1796.00 | NOTE |
Version: 1.1-17
Check: for GNU extensions in Makefiles
Result: NOTE
GNU make is a SystemRequirements.
Flavors: r-devel-linux-x86_64-debian-clang, r-devel-linux-x86_64-debian-gcc, r-devel-linux-x86_64-fedora-clang, r-devel-linux-x86_64-fedora-gcc, r-devel-windows-x86_64, r-patched-linux-x86_64, r-release-linux-x86_64, r-release-macos-arm64, r-release-windows-x86_64, r-oldrel-macos-arm64, r-oldrel-macos-x86_64, r-oldrel-windows-x86_64
Version: 1.1-17
Check: installed package size
Result: NOTE
installed size is 14.5Mb
sub-directories of 1Mb or more:
libs 13.3Mb
Flavors: r-devel-linux-x86_64-fedora-clang, r-devel-windows-x86_64, r-release-macos-arm64, r-release-windows-x86_64, r-oldrel-macos-arm64, r-oldrel-macos-x86_64, r-oldrel-windows-x86_64