CRAN Package Check Results for Package fastdigest

Last updated on 2022-01-16 10:48:31 CET.

Flavor Version Tinstall Tcheck Ttotal Status Flags
r-devel-linux-x86_64-debian-clang 0.6-3 3.11 27.94 31.05 OK
r-devel-linux-x86_64-debian-gcc 0.6-3 2.23 22.60 24.83 OK
r-devel-linux-x86_64-fedora-clang 0.6-3 39.66 NOTE
r-devel-linux-x86_64-fedora-gcc 0.6-3 29.24 NOTE
r-devel-windows-x86_64-new-UL 0.6-3 20.00 48.00 68.00 OK
r-devel-windows-x86_64-new-TK 0.6-3 OK
r-patched-linux-x86_64 0.6-3 2.58 28.12 30.70 OK
r-release-linux-x86_64 0.6-3 OK
r-release-macos-arm64 0.6-3 OK
r-release-macos-x86_64 0.6-3 OK
r-release-windows-ix86+x86_64 0.6-3 9.00 33.00 42.00 OK
r-oldrel-macos-x86_64 0.6-3 OK
r-oldrel-windows-ix86+x86_64 0.6-3 34.00 31.00 65.00 OK

Check Details

Version: 0.6-3
Check: compiled code
Result: NOTE
    File ‘fastdigest/libs/fastdigest.so’:
     Found no call to: ‘R_useDynamicSymbols’
    
    It is good practice to register native routines and to disable symbol
    search.
    
    See ‘Writing portable packages’ in the ‘Writing R Extensions’ manual.
Flavors: r-devel-linux-x86_64-fedora-clang, r-devel-linux-x86_64-fedora-gcc