Last updated on 2024-03-28 10:49:33 CET.
Flavor | Version | Tinstall | Tcheck | Ttotal | Status | Flags |
---|---|---|---|---|---|---|
r-devel-linux-x86_64-debian-clang | 0.6.1 | 67.30 | 128.58 | 195.88 | OK | |
r-devel-linux-x86_64-debian-gcc | 0.6.1 | 55.21 | 95.77 | 150.98 | OK | |
r-devel-linux-x86_64-fedora-clang | 0.6.1 | 269.48 | NOTE | |||
r-devel-linux-x86_64-fedora-gcc | 0.6.1 | 256.44 | OK | |||
r-devel-windows-x86_64 | 0.6.1 | 58.00 | 137.00 | 195.00 | NOTE | |
r-patched-linux-x86_64 | 0.6.1 | 64.65 | 123.22 | 187.87 | OK | |
r-release-linux-x86_64 | 0.6.1 | 69.46 | 126.41 | 195.87 | OK | |
r-release-macos-arm64 | 0.6.1 | 71.00 | NOTE | |||
r-release-macos-x86_64 | 0.6.1 | 207.00 | NOTE | |||
r-release-windows-x86_64 | 0.6.1 | 73.00 | 168.00 | 241.00 | NOTE | |
r-oldrel-macos-arm64 | 0.6.1 | 70.00 | NOTE | |||
r-oldrel-windows-x86_64 | 0.6.1 | 75.00 | 160.00 | 235.00 | NOTE |
Version: 0.6.1
Check: installed package size
Result: NOTE
installed size is 5.4Mb
sub-directories of 1Mb or more:
data 4.9Mb
Flavors: r-devel-linux-x86_64-fedora-clang, r-devel-windows-x86_64, r-release-macos-arm64, r-release-macos-x86_64, r-release-windows-x86_64, r-oldrel-macos-arm64, r-oldrel-windows-x86_64