CRAN Package Check Results for Package fasstr

Last updated on 2021-07-25 09:50:18 CEST.

Flavor Version Tinstall Tcheck Ttotal Status Flags
r-devel-linux-x86_64-debian-clang 0.3.2 12.79 97.90 110.69 NOTE
r-devel-linux-x86_64-debian-gcc 0.3.2 10.01 72.67 82.68 NOTE
r-devel-linux-x86_64-fedora-clang 0.3.2 139.35 NOTE
r-devel-linux-x86_64-fedora-gcc 0.3.2 129.72 NOTE
r-devel-windows-x86_64 0.3.2 17.00 93.00 110.00 NOTE
r-devel-windows-x86_64-gcc10-UCRT 0.3.2 NOTE
r-patched-linux-x86_64 0.3.2 12.77 92.63 105.40 NOTE
r-patched-solaris-x86 0.3.2 163.10 NOTE
r-release-linux-x86_64 0.3.2 12.23 92.27 104.50 NOTE
r-release-macos-arm64 0.3.2 NOTE
r-release-macos-x86_64 0.3.2 NOTE
r-release-windows-ix86+x86_64 0.3.2 24.00 91.00 115.00 NOTE
r-oldrel-macos-x86_64 0.3.2 OK
r-oldrel-windows-ix86+x86_64 0.3.2 24.00 113.00 137.00 OK

Check Details

Version: 0.3.2
Check: LazyData
Result: NOTE
     'LazyData' is specified without a 'data' directory
Flavors: r-devel-linux-x86_64-debian-clang, r-devel-linux-x86_64-debian-gcc, r-devel-linux-x86_64-fedora-clang, r-devel-linux-x86_64-fedora-gcc, r-devel-windows-x86_64, r-devel-windows-x86_64-gcc10-UCRT, r-patched-linux-x86_64, r-patched-solaris-x86, r-release-linux-x86_64, r-release-macos-arm64, r-release-macos-x86_64, r-release-windows-ix86+x86_64