CRAN Package Check Results for Package fame

Last updated on 2021-10-20 09:55:08 CEST.

Flavor Version Tinstall Tcheck Ttotal Status Flags
r-devel-linux-x86_64-debian-clang 2.21 3.99 26.68 30.67 WARN
r-devel-linux-x86_64-debian-gcc 2.21 3.19 21.17 24.36 WARN
r-devel-linux-x86_64-fedora-clang 2.21 48.76 WARN
r-devel-linux-x86_64-fedora-gcc 2.21 38.45 WARN
r-devel-windows-x86_64 2.21 8.00 49.00 57.00 NOTE
r-devel-windows-x86_64-gcc10-UCRT 2.21 NOTE
r-patched-linux-x86_64 2.21 4.12 26.20 30.32 WARN
r-patched-solaris-x86 2.21 51.60 NOTE
r-release-linux-x86_64 2.21 3.54 26.66 30.20 WARN
r-release-macos-arm64 2.21 NOTE
r-release-macos-x86_64 2.21 NOTE
r-release-windows-ix86+x86_64 2.21 9.00 54.00 63.00 NOTE
r-oldrel-macos-x86_64 2.21 NOTE
r-oldrel-windows-ix86+x86_64 2.21 11.00 56.00 67.00 NOTE

Check Details

Version: 2.21
Check: top-level files
Result: WARN
     Output from running autoreconf:
     configure.ac:14: warning: The macro `AC_HELP_STRING' is obsolete.
     configure.ac:14: You should run autoupdate.
     ./lib/autoconf/general.m4:204: AC_HELP_STRING is expanded from...
     configure.ac:14: the top level
Flavors: r-devel-linux-x86_64-debian-clang, r-devel-linux-x86_64-debian-gcc, r-patched-linux-x86_64, r-release-linux-x86_64

Version: 2.21
Check: R code for possible problems
Result: NOTE
    File 'fame/R/windows/zzz.R':
     .onLoad calls:
     packageStartupMessage("FAME environment variable not set; assuming ", defaultDir)
     packageStartupMessage("FAME directory ", fameDir, " not found.\n", "If you have FAME installed, specify it's location ", "via the FAME environment variable.\n", "Otherwise, this package is pretty useless.\n")
    
    See section 'Good practice' in '?.onAttach'.
Flavors: r-devel-linux-x86_64-debian-clang, r-devel-linux-x86_64-debian-gcc, r-devel-linux-x86_64-fedora-clang, r-devel-linux-x86_64-fedora-gcc, r-devel-windows-x86_64, r-devel-windows-x86_64-gcc10-UCRT, r-patched-linux-x86_64, r-patched-solaris-x86, r-release-linux-x86_64, r-release-macos-arm64, r-release-macos-x86_64, r-release-windows-ix86+x86_64, r-oldrel-macos-x86_64, r-oldrel-windows-ix86+x86_64

Version: 2.21
Check: top-level files
Result: WARN
     Output from running autoreconf:
     configure.ac:14: warning: The macro `AC_HELP_STRING' is obsolete.
     configure.ac:14: You should run autoupdate.
     ./lib/autoconf/general.m4:204: AC_HELP_STRING is expanded from...
     configure.ac:14: the top level
     configure.ac:14: warning: The macro `AC_HELP_STRING' is obsolete.
     configure.ac:14: You should run autoupdate.
     ./lib/autoconf/general.m4:204: AC_HELP_STRING is expanded from...
     configure.ac:14: the top level
Flavors: r-devel-linux-x86_64-fedora-clang, r-devel-linux-x86_64-fedora-gcc

Version: 2.21
Check: compiled code
Result: NOTE
    File ‘fame/libs/fame.so’:
     Found no calls to: ‘R_registerRoutines’, ‘R_useDynamicSymbols’
    
    It is good practice to register native routines and to disable symbol
    search.
    
    See ‘Writing portable packages’ in the ‘Writing R Extensions’ manual.
Flavors: r-devel-linux-x86_64-fedora-clang, r-devel-linux-x86_64-fedora-gcc