Last updated on 2024-03-28 10:49:33 CET.
Flavor | Version | Tinstall | Tcheck | Ttotal | Status | Flags |
---|---|---|---|---|---|---|
r-devel-linux-x86_64-debian-clang | 0.9-1 | 75.63 | 88.83 | 164.46 | OK | |
r-devel-linux-x86_64-debian-gcc | 0.9-1 | 62.34 | 68.78 | 131.12 | OK | |
r-devel-linux-x86_64-fedora-clang | 0.9-1 | 238.13 | OK | |||
r-devel-linux-x86_64-fedora-gcc | 0.9-1 | 243.76 | OK | |||
r-devel-windows-x86_64 | 0.9-1 | 59.00 | 105.00 | 164.00 | OK | |
r-patched-linux-x86_64 | 0.9-1 | 80.97 | 89.00 | 169.97 | OK | |
r-release-linux-x86_64 | 0.9-1 | 81.01 | 89.23 | 170.24 | OK | |
r-release-macos-arm64 | 0.9-1 | 68.00 | NOTE | |||
r-release-macos-x86_64 | 0.9-1 | 192.00 | NOTE | |||
r-release-windows-x86_64 | 0.9-1 | 73.00 | 128.00 | 201.00 | OK | |
r-oldrel-macos-arm64 | 0.9-1 | 61.00 | NOTE | |||
r-oldrel-windows-x86_64 | 0.9-1 | 71.00 | 122.00 | 193.00 | OK |
Version: 0.9-1
Check: installed package size
Result: NOTE
installed size is 10.8Mb
sub-directories of 1Mb or more:
libs 10.4Mb
Flavors: r-release-macos-arm64, r-release-macos-x86_64, r-oldrel-macos-arm64