Last updated on 2024-04-18 10:49:47 CEST.
Flavor | Version | Tinstall | Tcheck | Ttotal | Status | Flags |
---|---|---|---|---|---|---|
r-devel-linux-x86_64-debian-clang | 0.1.0 | 7.47 | 159.45 | 166.92 | NOTE | |
r-devel-linux-x86_64-debian-gcc | 0.1.0 | 6.65 | 114.30 | 120.95 | NOTE | |
r-devel-linux-x86_64-fedora-clang | 0.1.0 | 206.34 | NOTE | |||
r-devel-linux-x86_64-fedora-gcc | 0.1.0 | 187.27 | NOTE | |||
r-prerel-macos-arm64 | 0.1.0 | 55.00 | NOTE | |||
r-prerel-windows-x86_64 | 0.1.0 | 8.00 | 127.00 | 135.00 | NOTE | |
r-patched-linux-x86_64 | 0.1.0 | 0.30 | 2.10 | 2.40 | ERROR | |
r-release-linux-x86_64 | 0.1.0 | 5.68 | 148.45 | 154.13 | NOTE | |
r-release-macos-arm64 | 0.1.0 | 58.00 | NOTE | |||
r-release-macos-x86_64 | 0.1.0 | 84.00 | NOTE | |||
r-release-windows-x86_64 | 0.1.0 | 11.00 | 151.00 | 162.00 | NOTE | |
r-oldrel-macos-arm64 | 0.1.0 | 54.00 | NOTE | |||
r-oldrel-windows-x86_64 | 0.1.0 | 11.00 | 157.00 | 168.00 | NOTE |
Version: 0.1.0
Check: LazyData
Result: NOTE
'LazyData' is specified without a 'data' directory
Flavors: r-devel-linux-x86_64-debian-clang, r-devel-linux-x86_64-debian-gcc, r-devel-linux-x86_64-fedora-clang, r-devel-linux-x86_64-fedora-gcc, r-prerel-macos-arm64, r-prerel-windows-x86_64, r-release-linux-x86_64, r-release-macos-arm64, r-release-macos-x86_64, r-release-windows-x86_64, r-oldrel-macos-arm64, r-oldrel-windows-x86_64
Version: 0.1.0
Check: Rd cross-references
Result: NOTE
Undeclared package ‘tibble’ in Rd xrefs
Flavor: r-devel-linux-x86_64-fedora-clang
Version: 0.1.0
Check: package dependencies
Result: ERROR
Package required but not available: ‘prophet’
See section ‘The DESCRIPTION file’ in the ‘Writing R Extensions’
manual.
Flavor: r-patched-linux-x86_64