CRAN Package Check Results for Package fOptions

Last updated on 2021-11-28 09:49:07 CET.

Flavor Version Tinstall Tcheck Ttotal Status Flags
r-devel-linux-x86_64-debian-clang 3042.86 NOTE
r-devel-linux-x86_64-debian-gcc 3042.86 9.10 49.08 58.18 NOTE
r-devel-linux-x86_64-fedora-clang 3042.86 100.87 NOTE
r-devel-linux-x86_64-fedora-gcc 3042.86 87.64 NOTE
r-devel-windows-x86_64-new-UL 3042.86 22.00 102.00 124.00 NOTE
r-devel-windows-x86_64-new-TK 3042.86 NOTE
r-devel-windows-x86_64-old 3042.86 13.00 94.00 107.00 NOTE
r-patched-linux-x86_64 3042.86 9.22 62.01 71.23 NOTE
r-patched-solaris-x86 3042.86 125.40 NOTE
r-release-linux-x86_64 3042.86 9.34 62.16 71.50 NOTE
r-release-macos-arm64 3042.86 NOTE
r-release-macos-x86_64 3042.86 NOTE
r-release-windows-ix86+x86_64 3042.86 24.00 84.00 108.00 NOTE
r-oldrel-macos-x86_64 3042.86 OK
r-oldrel-windows-ix86+x86_64 3042.86 19.00 108.00 127.00 OK

Check Details

Version: 3042.86
Check: LazyData
Result: NOTE
     'LazyData' is specified without a 'data' directory
Flavors: r-devel-linux-x86_64-debian-clang, r-devel-linux-x86_64-debian-gcc, r-devel-linux-x86_64-fedora-clang, r-devel-linux-x86_64-fedora-gcc, r-devel-windows-x86_64-new-UL, r-devel-windows-x86_64-new-TK, r-devel-windows-x86_64-old, r-patched-linux-x86_64, r-patched-solaris-x86, r-release-linux-x86_64, r-release-macos-arm64, r-release-macos-x86_64, r-release-windows-ix86+x86_64

Version: 3042.86
Check: compiled code
Result: NOTE
    File ‘fOptions/libs/fOptions.so’:
     Found no calls to: ‘R_registerRoutines’, ‘R_useDynamicSymbols’
    
    It is good practice to register native routines and to disable symbol
    search.
    
    See ‘Writing portable packages’ in the ‘Writing R Extensions’ manual.
Flavors: r-devel-linux-x86_64-fedora-clang, r-devel-linux-x86_64-fedora-gcc